{"id":78355,"date":"2023-04-21T16:21:09","date_gmt":"2023-04-21T15:21:09","guid":{"rendered":"https:\/\/relevo.app\/?page_id=78355"},"modified":"2024-03-12T11:45:41","modified_gmt":"2024-03-12T10:45:41","slug":"app_ger_earth-day","status":"publish","type":"page","link":"https:\/\/relevo.app\/de\/app_ger_earth-day\/","title":{"rendered":"App_GER_Earth-Day"},"content":{"rendered":"\t\t<div data-elementor-type=\"wp-page\" data-elementor-id=\"78355\" class=\"elementor elementor-78355\" data-elementor-post-type=\"page\">\n\t\t\t\t\t\t<section class=\"elementor-section elementor-top-section elementor-element elementor-element-d3faaab elementor-section-boxed elementor-section-height-default elementor-section-height-default\" data-id=\"d3faaab\" data-element_type=\"section\" data-e-type=\"section\">\n\t\t\t\t\t\t<div class=\"elementor-container elementor-column-gap-default\">\n\t\t\t\t\t<div class=\"elementor-column elementor-col-100 elementor-top-column elementor-element elementor-element-f87883f\" data-id=\"f87883f\" data-element_type=\"column\" data-e-type=\"column\">\n\t\t\t<div class=\"elementor-widget-wrap elementor-element-populated\">\n\t\t\t\t\t\t<div class=\"elementor-element elementor-element-8d66f34 elementor-widget elementor-widget-image\" data-id=\"8d66f34\" data-element_type=\"widget\" data-e-type=\"widget\" data-widget_type=\"image.default\">\n\t\t\t\t<div class=\"elementor-widget-container\">\n\t\t\t\t\t\t\t\t\t\t\t\t\t\t\t<img fetchpriority=\"high\" decoding=\"async\" width=\"800\" height=\"608\" src=\"https:\/\/relevo.app\/wp-content\/uploads\/2023\/05\/earth-g342ab2e82_1920-1024x778.png\" class=\"attachment-large size-large wp-image-78357\" alt=\"Relevo on Earth Day\" srcset=\"https:\/\/relevo.app\/wp-content\/uploads\/2023\/05\/earth-g342ab2e82_1920-1024x778.png 1024w, https:\/\/relevo.app\/wp-content\/uploads\/2023\/05\/earth-g342ab2e82_1920-300x228.png 300w, https:\/\/relevo.app\/wp-content\/uploads\/2023\/05\/earth-g342ab2e82_1920-768x583.png 768w, https:\/\/relevo.app\/wp-content\/uploads\/2023\/05\/earth-g342ab2e82_1920-1536x1166.png 1536w, https:\/\/relevo.app\/wp-content\/uploads\/2023\/05\/earth-g342ab2e82_1920.png 1920w\" sizes=\"(max-width: 800px) 100vw, 800px\" \/>\t\t\t\t\t\t\t\t\t\t\t\t\t\t\t<\/div>\n\t\t\t\t<\/div>\n\t\t\t\t<div class=\"elementor-element elementor-element-0265353 elementor-widget elementor-widget-text-editor\" data-id=\"0265353\" data-element_type=\"widget\" data-e-type=\"widget\" data-widget_type=\"text-editor.default\">\n\t\t\t\t<div class=\"elementor-widget-container\">\n\t\t\t\t\t\t\t\t\t<p><strong>Bist du dabei?<\/strong><\/p><p>Terminkalender gez\u00fcckt \u2013 am 22.04. ist Earth Day! <img decoding=\"async\" class=\"emoji\" role=\"img\" draggable=\"false\" src=\"https:\/\/s.w.org\/images\/core\/emoji\/14.0.0\/svg\/1f30d.svg\" alt=\"\ud83c\udf0d\" \/> Dieser Tag hat zum Ziel, die Wertsch\u00e4tzung f\u00fcr unsere Erde zu st\u00e4rken und dazu anzuregen, das eigene Konsumverhalten zu hinterfragen.<\/p><p>Bist auch du dabei? <img decoding=\"async\" class=\"emoji\" role=\"img\" draggable=\"false\" src=\"https:\/\/s.w.org\/images\/core\/emoji\/14.0.0\/svg\/1f929.svg\" alt=\"\ud83e\udd29\" \/> Erkundige dich einfach, welche Mitmachaktionen in deiner Stadt angeboten werden. <a href=\"https:\/\/www.earthday.org\/campaign\/cleanup\/?utm_source=Klaviyo&amp;utm_medium=email&amp;_kx=#map\">Hier<\/a> findest du beispielsweise einen \u00dcberblick \u00fcber verschiedene Cleanup Events.<\/p><p>Alle M\u00fcnchner sind herzlich dazu eingeladen, gemeinsam mit <a href=\"https:\/\/jokolade.de\/\">Jokolade<\/a> und uns sowie weiteren StartUps am 22.04 von 11 bis 13 Uhr ein Cleanup an der Isar durchzuf\u00fchren <img decoding=\"async\" class=\"emoji\" role=\"img\" draggable=\"false\" src=\"https:\/\/s.w.org\/images\/core\/emoji\/14.0.0\/svg\/267b.svg\" alt=\"\u267b\ufe0f\" \/> Treffpunkt ist an der Reichenbachbr\u00fccke Kreuzung Eduard-Schmid-Stra\u00dfe. Bring einfach einen M\u00fcllbeutel und ggf. Handschuhe mit <img decoding=\"async\" class=\"emoji\" role=\"img\" draggable=\"false\" src=\"https:\/\/s.w.org\/images\/core\/emoji\/14.0.0\/svg\/1f9e4.svg\" alt=\"\ud83e\udde4\" \/><\/p><p>Wir freuen uns auf dich!<\/p><p>\u00a0<\/p><p>\u00a0<\/p>\t\t\t\t\t\t\t\t<\/div>\n\t\t\t\t<\/div>\n\t\t\t\t\t<\/div>\n\t\t<\/div>\n\t\t\t\t\t<\/div>\n\t\t<\/section>\n\t\t\t\t<\/div>\n\t\t","protected":false},"excerpt":{"rendered":"<p>Bist du dabei? Terminkalender gez\u00fcckt \u2013 am 22.04. ist Earth Day! Dieser Tag hat zum Ziel, die Wertsch\u00e4tzung f\u00fcr unsere Erde zu st\u00e4rken und dazu anzuregen, das eigene Konsumverhalten zu hinterfragen. Bist auch du dabei? Erkundige dich einfach, welche Mitmachaktionen in deiner Stadt angeboten werden. Hier findest du beispielsweise einen \u00dcberblick \u00fcber verschiedene Cleanup Events. [&hellip;]<\/p>\n","protected":false},"author":53,"featured_media":0,"parent":0,"menu_order":0,"comment_status":"closed","ping_status":"closed","template":"elementor_canvas","meta":{"content-type":"","om_disable_all_campaigns":false,"footnotes":""},"class_list":["post-78355","page","type-page","status-publish","hentry"],"yoast_head":"<!-- This site is optimized with the Yoast SEO plugin v27.4 - https:\/\/yoast.com\/product\/yoast-seo-wordpress\/ -->\n<title>App_GER_Earth-Day - Relevo<\/title>\n<meta name=\"robots\" content=\"noindex, follow\" \/>\n<meta property=\"og:locale\" content=\"de_DE\" \/>\n<meta property=\"og:type\" content=\"article\" \/>\n<meta property=\"og:title\" content=\"App_GER_Earth-Day - Relevo\" \/>\n<meta property=\"og:description\" content=\"Bist du dabei? Terminkalender gez\u00fcckt \u2013 am 22.04. ist Earth Day! Dieser Tag hat zum Ziel, die Wertsch\u00e4tzung f\u00fcr unsere Erde zu st\u00e4rken und dazu anzuregen, das eigene Konsumverhalten zu hinterfragen. Bist auch du dabei? Erkundige dich einfach, welche Mitmachaktionen in deiner Stadt angeboten werden. Hier findest du beispielsweise einen \u00dcberblick \u00fcber verschiedene Cleanup Events. [&hellip;]\" \/>\n<meta property=\"og:url\" content=\"https:\/\/relevo.app\/de\/app_ger_earth-day\/\" \/>\n<meta property=\"og:site_name\" content=\"Relevo\" \/>\n<meta property=\"article:modified_time\" content=\"2024-03-12T10:45:41+00:00\" \/>\n<meta property=\"og:image\" content=\"https:\/\/relevo.app\/wp-content\/uploads\/2023\/05\/earth-g342ab2e82_1920-1024x778.png\" \/>\n<meta name=\"twitter:card\" content=\"summary_large_image\" \/>\n<meta name=\"twitter:label1\" content=\"Gesch\u00e4tzte Lesezeit\" \/>\n\t<meta name=\"twitter:data1\" content=\"2\u00a0Minuten\" \/>\n<script type=\"application\/ld+json\" class=\"yoast-schema-graph\">{\"@context\":\"https:\\\/\\\/schema.org\",\"@graph\":[{\"@type\":\"WebPage\",\"@id\":\"https:\\\/\\\/relevo.app\\\/de\\\/app_ger_earth-day\\\/\",\"url\":\"https:\\\/\\\/relevo.app\\\/de\\\/app_ger_earth-day\\\/\",\"name\":\"App_GER_Earth-Day - Relevo\",\"isPartOf\":{\"@id\":\"https:\\\/\\\/relevo.app\\\/de\\\/#website\"},\"primaryImageOfPage\":{\"@id\":\"https:\\\/\\\/relevo.app\\\/de\\\/app_ger_earth-day\\\/#primaryimage\"},\"image\":{\"@id\":\"https:\\\/\\\/relevo.app\\\/de\\\/app_ger_earth-day\\\/#primaryimage\"},\"thumbnailUrl\":\"https:\\\/\\\/relevo.app\\\/wp-content\\\/uploads\\\/2023\\\/05\\\/earth-g342ab2e82_1920-1024x778.png\",\"datePublished\":\"2023-04-21T15:21:09+00:00\",\"dateModified\":\"2024-03-12T10:45:41+00:00\",\"breadcrumb\":{\"@id\":\"https:\\\/\\\/relevo.app\\\/de\\\/app_ger_earth-day\\\/#breadcrumb\"},\"inLanguage\":\"de\",\"potentialAction\":[{\"@type\":\"ReadAction\",\"target\":[\"https:\\\/\\\/relevo.app\\\/de\\\/app_ger_earth-day\\\/\"]}]},{\"@type\":\"ImageObject\",\"inLanguage\":\"de\",\"@id\":\"https:\\\/\\\/relevo.app\\\/de\\\/app_ger_earth-day\\\/#primaryimage\",\"url\":\"https:\\\/\\\/relevo.app\\\/wp-content\\\/uploads\\\/2023\\\/05\\\/earth-g342ab2e82_1920-1024x778.png\",\"contentUrl\":\"https:\\\/\\\/relevo.app\\\/wp-content\\\/uploads\\\/2023\\\/05\\\/earth-g342ab2e82_1920-1024x778.png\"},{\"@type\":\"BreadcrumbList\",\"@id\":\"https:\\\/\\\/relevo.app\\\/de\\\/app_ger_earth-day\\\/#breadcrumb\",\"itemListElement\":[{\"@type\":\"ListItem\",\"position\":1,\"name\":\"Home\",\"item\":\"https:\\\/\\\/relevo.app\\\/de\\\/\"},{\"@type\":\"ListItem\",\"position\":2,\"name\":\"App_GER_Earth-Day\"}]},{\"@type\":\"WebSite\",\"@id\":\"https:\\\/\\\/relevo.app\\\/de\\\/#website\",\"url\":\"https:\\\/\\\/relevo.app\\\/de\\\/\",\"name\":\"Relevo\",\"description\":\"\",\"potentialAction\":[{\"@type\":\"SearchAction\",\"target\":{\"@type\":\"EntryPoint\",\"urlTemplate\":\"https:\\\/\\\/relevo.app\\\/de\\\/?s={search_term_string}\"},\"query-input\":{\"@type\":\"PropertyValueSpecification\",\"valueRequired\":true,\"valueName\":\"search_term_string\"}}],\"inLanguage\":\"de\"}]}<\/script>\n<!-- \/ Yoast SEO plugin. -->","yoast_head_json":{"title":"App_GER_Earth-Day - Relevo","robots":{"index":"noindex","follow":"follow"},"og_locale":"de_DE","og_type":"article","og_title":"App_GER_Earth-Day - Relevo","og_description":"Bist du dabei? Terminkalender gez\u00fcckt \u2013 am 22.04. ist Earth Day! Dieser Tag hat zum Ziel, die Wertsch\u00e4tzung f\u00fcr unsere Erde zu st\u00e4rken und dazu anzuregen, das eigene Konsumverhalten zu hinterfragen. Bist auch du dabei? Erkundige dich einfach, welche Mitmachaktionen in deiner Stadt angeboten werden. Hier findest du beispielsweise einen \u00dcberblick \u00fcber verschiedene Cleanup Events. [&hellip;]","og_url":"https:\/\/relevo.app\/de\/app_ger_earth-day\/","og_site_name":"Relevo","article_modified_time":"2024-03-12T10:45:41+00:00","og_image":[{"url":"https:\/\/relevo.app\/wp-content\/uploads\/2023\/05\/earth-g342ab2e82_1920-1024x778.png","type":"","width":"","height":""}],"twitter_card":"summary_large_image","twitter_misc":{"Gesch\u00e4tzte Lesezeit":"2\u00a0Minuten"},"schema":{"@context":"https:\/\/schema.org","@graph":[{"@type":"WebPage","@id":"https:\/\/relevo.app\/de\/app_ger_earth-day\/","url":"https:\/\/relevo.app\/de\/app_ger_earth-day\/","name":"App_GER_Earth-Day - Relevo","isPartOf":{"@id":"https:\/\/relevo.app\/de\/#website"},"primaryImageOfPage":{"@id":"https:\/\/relevo.app\/de\/app_ger_earth-day\/#primaryimage"},"image":{"@id":"https:\/\/relevo.app\/de\/app_ger_earth-day\/#primaryimage"},"thumbnailUrl":"https:\/\/relevo.app\/wp-content\/uploads\/2023\/05\/earth-g342ab2e82_1920-1024x778.png","datePublished":"2023-04-21T15:21:09+00:00","dateModified":"2024-03-12T10:45:41+00:00","breadcrumb":{"@id":"https:\/\/relevo.app\/de\/app_ger_earth-day\/#breadcrumb"},"inLanguage":"de","potentialAction":[{"@type":"ReadAction","target":["https:\/\/relevo.app\/de\/app_ger_earth-day\/"]}]},{"@type":"ImageObject","inLanguage":"de","@id":"https:\/\/relevo.app\/de\/app_ger_earth-day\/#primaryimage","url":"https:\/\/relevo.app\/wp-content\/uploads\/2023\/05\/earth-g342ab2e82_1920-1024x778.png","contentUrl":"https:\/\/relevo.app\/wp-content\/uploads\/2023\/05\/earth-g342ab2e82_1920-1024x778.png"},{"@type":"BreadcrumbList","@id":"https:\/\/relevo.app\/de\/app_ger_earth-day\/#breadcrumb","itemListElement":[{"@type":"ListItem","position":1,"name":"Home","item":"https:\/\/relevo.app\/de\/"},{"@type":"ListItem","position":2,"name":"App_GER_Earth-Day"}]},{"@type":"WebSite","@id":"https:\/\/relevo.app\/de\/#website","url":"https:\/\/relevo.app\/de\/","name":"Relevo","description":"","potentialAction":[{"@type":"SearchAction","target":{"@type":"EntryPoint","urlTemplate":"https:\/\/relevo.app\/de\/?s={search_term_string}"},"query-input":{"@type":"PropertyValueSpecification","valueRequired":true,"valueName":"search_term_string"}}],"inLanguage":"de"}]}},"_links":{"self":[{"href":"https:\/\/relevo.app\/de\/wp-json\/wp\/v2\/pages\/78355","targetHints":{"allow":["GET"]}}],"collection":[{"href":"https:\/\/relevo.app\/de\/wp-json\/wp\/v2\/pages"}],"about":[{"href":"https:\/\/relevo.app\/de\/wp-json\/wp\/v2\/types\/page"}],"author":[{"embeddable":true,"href":"https:\/\/relevo.app\/de\/wp-json\/wp\/v2\/users\/53"}],"replies":[{"embeddable":true,"href":"https:\/\/relevo.app\/de\/wp-json\/wp\/v2\/comments?post=78355"}],"version-history":[{"count":7,"href":"https:\/\/relevo.app\/de\/wp-json\/wp\/v2\/pages\/78355\/revisions"}],"predecessor-version":[{"id":78378,"href":"https:\/\/relevo.app\/de\/wp-json\/wp\/v2\/pages\/78355\/revisions\/78378"}],"wp:attachment":[{"href":"https:\/\/relevo.app\/de\/wp-json\/wp\/v2\/media?parent=78355"}],"curies":[{"name":"wp","href":"https:\/\/api.w.org\/{rel}","templated":true}]}}

<div data-elementor-type="wp-page" data-elementor-id="78355" class="elementor elementor-78355" data-elementor-post-type="page">
						<section class="elementor-section elementor-top-section elementor-element elementor-element-d3faaab elementor-section-boxed elementor-section-height-default elementor-section-height-default" data-id="d3faaab" data-element_type="section" data-e-type="section">
						<div class="elementor-container elementor-column-gap-default">
					<div class="elementor-column elementor-col-100 elementor-top-column elementor-element elementor-element-f87883f" data-id="f87883f" data-element_type="column" data-e-type="column">
			<div class="elementor-widget-wrap elementor-element-populated">
						<div class="elementor-element elementor-element-8d66f34 elementor-widget elementor-widget-image" data-id="8d66f34" data-element_type="widget" data-e-type="widget" data-widget_type="image.default">
				<div class="elementor-widget-container">
															<img fetchpriority="high" decoding="async" width="800" height="608" src="https://relevo.app/wp-content/uploads/2023/05/earth-g342ab2e82_1920-1024x778.png" class="attachment-large size-large wp-image-78357" alt="Relevo on Earth Day" srcset="https://relevo.app/wp-content/uploads/2023/05/earth-g342ab2e82_1920-1024x778.png 1024w, https://relevo.app/wp-content/uploads/2023/05/earth-g342ab2e82_1920-300x228.png 300w, https://relevo.app/wp-content/uploads/2023/05/earth-g342ab2e82_1920-768x583.png 768w, https://relevo.app/wp-content/uploads/2023/05/earth-g342ab2e82_1920-1536x1166.png 1536w, https://relevo.app/wp-content/uploads/2023/05/earth-g342ab2e82_1920.png 1920w" sizes="(max-width: 800px) 100vw, 800px" />															</div>
				</div>
				<div class="elementor-element elementor-element-0265353 elementor-widget elementor-widget-text-editor" data-id="0265353" data-element_type="widget" data-e-type="widget" data-widget_type="text-editor.default">
				<div class="elementor-widget-container">
									<p><strong>Bist du dabei?</strong></p><p>Terminkalender gezückt – am 22.04. ist Earth Day! <img decoding="async" class="emoji" role="img" draggable="false" src="https://s.w.org/images/core/emoji/14.0.0/svg/1f30d.svg" alt="🌍" /> Dieser Tag hat zum Ziel, die Wertschätzung für unsere Erde zu stärken und dazu anzuregen, das eigene Konsumverhalten zu hinterfragen.</p><p>Bist auch du dabei? <img decoding="async" class="emoji" role="img" draggable="false" src="https://s.w.org/images/core/emoji/14.0.0/svg/1f929.svg" alt="🤩" /> Erkundige dich einfach, welche Mitmachaktionen in deiner Stadt angeboten werden. <a href="https://www.earthday.org/campaign/cleanup/?utm_source=Klaviyo&amp;utm_medium=email&amp;_kx=#map">Hier</a> findest du beispielsweise einen Überblick über verschiedene Cleanup Events.</p><p>Alle Münchner sind herzlich dazu eingeladen, gemeinsam mit <a href="https://jokolade.de/">Jokolade</a> und uns sowie weiteren StartUps am 22.04 von 11 bis 13 Uhr ein Cleanup an der Isar durchzuführen <img decoding="async" class="emoji" role="img" draggable="false" src="https://s.w.org/images/core/emoji/14.0.0/svg/267b.svg" alt="♻️" /> Treffpunkt ist an der Reichenbachbrücke Kreuzung Eduard-Schmid-Straße. Bring einfach einen Müllbeutel und ggf. Handschuhe mit <img decoding="async" class="emoji" role="img" draggable="false" src="https://s.w.org/images/core/emoji/14.0.0/svg/1f9e4.svg" alt="🧤" /></p><p>Wir freuen uns auf dich!</p><p> </p><p> </p>								</div>
				</div>
					</div>
		</div>
					</div>
		</section>
				</div>

<p>Bist du dabei? Terminkalender gezückt – am 22.04. ist Earth Day! Dieser Tag hat zum Ziel, die Wertschätzung für unsere Erde zu stärken und dazu anzuregen, das eigene Konsumverhalten zu hinterfragen. Bist auch du dabei? Erkundige dich einfach, welche Mitmachaktionen in deiner Stadt angeboten werden. Hier findest du beispielsweise einen Überblick über verschiedene Cleanup Events. [&hellip;]</p>

<!-- This site is optimized with the Yoast SEO plugin v27.4 - https://yoast.com/product/yoast-seo-wordpress/ -->
<title>App_GER_Earth-Day - Relevo</title>
<meta name="robots" content="noindex, follow" />
<meta property="og:locale" content="de_DE" />
<meta property="og:type" content="article" />
<meta property="og:title" content="App_GER_Earth-Day - Relevo" />
<meta property="og:description" content="Bist du dabei? Terminkalender gezückt – am 22.04. ist Earth Day! Dieser Tag hat zum Ziel, die Wertschätzung für unsere Erde zu stärken und dazu anzuregen, das eigene Konsumverhalten zu hinterfragen. Bist auch du dabei? Erkundige dich einfach, welche Mitmachaktionen in deiner Stadt angeboten werden. Hier findest du beispielsweise einen Überblick über verschiedene Cleanup Events. [&hellip;]" />
<meta property="og:url" content="https://relevo.app/de/app_ger_earth-day/" />
<meta property="og:site_name" content="Relevo" />
<meta property="article:modified_time" content="2024-03-12T10:45:41+00:00" />
<meta property="og:image" content="https://relevo.app/wp-content/uploads/2023/05/earth-g342ab2e82_1920-1024x778.png" />
<meta name="twitter:card" content="summary_large_image" />
<meta name="twitter:label1" content="Geschätzte Lesezeit" />
	<meta name="twitter:data1" content="2 Minuten" />
<script type="application/ld+json" class="yoast-schema-graph">{"@context":"https:\/\/schema.org","@graph":[{"@type":"WebPage","@id":"https:\/\/relevo.app\/de\/app_ger_earth-day\/","url":"https:\/\/relevo.app\/de\/app_ger_earth-day\/","name":"App_GER_Earth-Day - Relevo","isPartOf":{"@id":"https:\/\/relevo.app\/de\/#website"},"primaryImageOfPage":{"@id":"https:\/\/relevo.app\/de\/app_ger_earth-day\/#primaryimage"},"image":{"@id":"https:\/\/relevo.app\/de\/app_ger_earth-day\/#primaryimage"},"thumbnailUrl":"https:\/\/relevo.app\/wp-content\/uploads\/2023\/05\/earth-g342ab2e82_1920-1024x778.png","datePublished":"2023-04-21T15:21:09+00:00","dateModified":"2024-03-12T10:45:41+00:00","breadcrumb":{"@id":"https:\/\/relevo.app\/de\/app_ger_earth-day\/#breadcrumb"},"inLanguage":"de","potentialAction":[{"@type":"ReadAction","target":["https:\/\/relevo.app\/de\/app_ger_earth-day\/"]}]},{"@type":"ImageObject","inLanguage":"de","@id":"https:\/\/relevo.app\/de\/app_ger_earth-day\/#primaryimage","url":"https:\/\/relevo.app\/wp-content\/uploads\/2023\/05\/earth-g342ab2e82_1920-1024x778.png","contentUrl":"https:\/\/relevo.app\/wp-content\/uploads\/2023\/05\/earth-g342ab2e82_1920-1024x778.png"},{"@type":"BreadcrumbList","@id":"https:\/\/relevo.app\/de\/app_ger_earth-day\/#breadcrumb","itemListElement":[{"@type":"ListItem","position":1,"name":"Home","item":"https:\/\/relevo.app\/de\/"},{"@type":"ListItem","position":2,"name":"App_GER_Earth-Day"}]},{"@type":"WebSite","@id":"https:\/\/relevo.app\/de\/#website","url":"https:\/\/relevo.app\/de\/","name":"Relevo","description":"","potentialAction":[{"@type":"SearchAction","target":{"@type":"EntryPoint","urlTemplate":"https:\/\/relevo.app\/de\/?s={search_term_string}"},"query-input":{"@type":"PropertyValueSpecification","valueRequired":true,"valueName":"search_term_string"}}],"inLanguage":"de"}]}</script>
<!-- / Yoast SEO plugin. -->

Bist du dabei? Terminkalender gezückt – am 22.04. ist Earth Day! Dieser Tag hat zum Ziel, die Wertschätzung für unsere Erde zu stärken und dazu anzuregen, das eigene Konsumverhalten zu hinterfragen. Bist auch du dabei? Erkundige dich einfach, welche Mitmachaktionen in deiner Stadt angeboten werden. Hier findest du beispielsweise einen Überblick über verschiedene Cleanup Events. [&hellip;]
