{"id":46799,"date":"2023-03-17T12:27:31","date_gmt":"2023-03-17T11:27:31","guid":{"rendered":"https:\/\/stage.relevo.app\/?page_id=46799"},"modified":"2024-03-12T11:54:42","modified_gmt":"2024-03-12T10:54:42","slug":"app_ger_weltrecyclingtag","status":"publish","type":"page","link":"https:\/\/relevo.app\/de\/app_ger_weltrecyclingtag\/","title":{"rendered":"App_GER_Weltrecyclingtag"},"content":{"rendered":"\t\t<div data-elementor-type=\"wp-page\" data-elementor-id=\"46799\" class=\"elementor elementor-46799\" data-elementor-post-type=\"page\">\n\t\t\t\t\t\t<section class=\"elementor-section elementor-top-section elementor-element elementor-element-d3faaab elementor-section-boxed elementor-section-height-default elementor-section-height-default\" data-id=\"d3faaab\" data-element_type=\"section\" data-e-type=\"section\">\n\t\t\t\t\t\t<div class=\"elementor-container elementor-column-gap-default\">\n\t\t\t\t\t<div class=\"elementor-column elementor-col-100 elementor-top-column elementor-element elementor-element-f87883f\" data-id=\"f87883f\" data-element_type=\"column\" data-e-type=\"column\">\n\t\t\t<div class=\"elementor-widget-wrap elementor-element-populated\">\n\t\t\t\t\t\t<div class=\"elementor-element elementor-element-8d66f34 elementor-widget elementor-widget-image\" data-id=\"8d66f34\" data-element_type=\"widget\" data-e-type=\"widget\" data-widget_type=\"image.default\">\n\t\t\t\t<div class=\"elementor-widget-container\">\n\t\t\t\t\t\t\t\t\t\t\t\t\t\t\t<img fetchpriority=\"high\" decoding=\"async\" width=\"800\" height=\"300\" src=\"https:\/\/relevo.app\/wp-content\/uploads\/2023\/03\/sustainability-gcf67b13e4_1920-1024x384-1.png\" class=\"attachment-large size-large wp-image-46794\" alt=\"zoe-le-gal\" srcset=\"https:\/\/relevo.app\/wp-content\/uploads\/2023\/03\/sustainability-gcf67b13e4_1920-1024x384-1.png 1024w, https:\/\/relevo.app\/wp-content\/uploads\/2023\/03\/sustainability-gcf67b13e4_1920-1024x384-1-300x113.png 300w, https:\/\/relevo.app\/wp-content\/uploads\/2023\/03\/sustainability-gcf67b13e4_1920-1024x384-1-768x288.png 768w\" sizes=\"(max-width: 800px) 100vw, 800px\" \/>\t\t\t\t\t\t\t\t\t\t\t\t\t\t\t<\/div>\n\t\t\t\t<\/div>\n\t\t\t\t<div class=\"elementor-element elementor-element-0265353 elementor-widget elementor-widget-text-editor\" data-id=\"0265353\" data-element_type=\"widget\" data-e-type=\"widget\" data-widget_type=\"text-editor.default\">\n\t\t\t\t<div class=\"elementor-widget-container\">\n\t\t\t\t\t\t\t\t\t<p><strong>Am 18.03 ist Weltrecyclingtag! <img decoding=\"async\" class=\"emoji\" role=\"img\" draggable=\"false\" src=\"https:\/\/s.w.org\/images\/core\/emoji\/14.0.0\/svg\/267b.svg\" alt=\"\u267b\ufe0f\" \/>\u00a0<\/strong><\/p><p>Viele von uns sortieren schon flei\u00dfig und achten darauf, Altpapier, Glasflaschen und Kunststoffverpackungen zu recyceln. Aber es gibt noch viel mehr Produkte, die eigentlich kreislauff\u00e4hig w\u00e4ren, es aber noch nicht sind. Wir m\u00fcssen anfangen, konsequenter auf Wiederverwendung zu setzen und damit kostbare Ressourcen zu schonen!<\/p><p>\u00a0<\/p><p>Wir nehmen den morgigen Weltrecyclingtag zum Anlass, unser Konsumverhalten zu reflektieren und zu \u00fcberpr\u00fcfen, in welchen Bereichen wir schon achtsam mit Ressourcen umgehen und wo wir noch einen Schritt weitergehen k\u00f6nnen. Ein erster und wichtiger Schritt ist, \u201cAbfall\u201d neu zu denken und stattdessen die kostbaren Ressourcen zu sehen, die in jedem einzelnen Produkt stecken <img decoding=\"async\" class=\"emoji\" role=\"img\" draggable=\"false\" src=\"https:\/\/s.w.org\/images\/core\/emoji\/14.0.0\/svg\/1f4ab.svg\" alt=\"\ud83d\udcab\" \/><\/p><p>\u00a0<\/p><p>\u00a0<\/p><p>\u00a0<\/p>\t\t\t\t\t\t\t\t<\/div>\n\t\t\t\t<\/div>\n\t\t\t\t\t<\/div>\n\t\t<\/div>\n\t\t\t\t\t<\/div>\n\t\t<\/section>\n\t\t\t\t<\/div>\n\t\t","protected":false},"excerpt":{"rendered":"<p>Am 18.03 ist Weltrecyclingtag! \u00a0 Viele von uns sortieren schon flei\u00dfig und achten darauf, Altpapier, Glasflaschen und Kunststoffverpackungen zu recyceln. Aber es gibt noch viel mehr Produkte, die eigentlich kreislauff\u00e4hig w\u00e4ren, es aber noch nicht sind. Wir m\u00fcssen anfangen, konsequenter auf Wiederverwendung zu setzen und damit kostbare Ressourcen zu schonen! \u00a0 Wir nehmen den morgigen [&hellip;]<\/p>\n","protected":false},"author":1,"featured_media":0,"parent":0,"menu_order":0,"comment_status":"closed","ping_status":"closed","template":"elementor_canvas","meta":{"content-type":"","om_disable_all_campaigns":false,"footnotes":""},"class_list":["post-46799","page","type-page","status-publish","hentry"],"yoast_head":"<!-- This site is optimized with the Yoast SEO plugin v27.4 - https:\/\/yoast.com\/product\/yoast-seo-wordpress\/ -->\n<title>App_GER_Weltrecyclingtag - Relevo<\/title>\n<meta name=\"robots\" content=\"noindex, follow\" \/>\n<meta property=\"og:locale\" content=\"de_DE\" \/>\n<meta property=\"og:type\" content=\"article\" \/>\n<meta property=\"og:title\" content=\"App_GER_Weltrecyclingtag - Relevo\" \/>\n<meta property=\"og:description\" content=\"Am 18.03 ist Weltrecyclingtag! \u00a0 Viele von uns sortieren schon flei\u00dfig und achten darauf, Altpapier, Glasflaschen und Kunststoffverpackungen zu recyceln. Aber es gibt noch viel mehr Produkte, die eigentlich kreislauff\u00e4hig w\u00e4ren, es aber noch nicht sind. Wir m\u00fcssen anfangen, konsequenter auf Wiederverwendung zu setzen und damit kostbare Ressourcen zu schonen! \u00a0 Wir nehmen den morgigen [&hellip;]\" \/>\n<meta property=\"og:url\" content=\"https:\/\/relevo.app\/de\/app_ger_weltrecyclingtag\/\" \/>\n<meta property=\"og:site_name\" content=\"Relevo\" \/>\n<meta property=\"article:modified_time\" content=\"2024-03-12T10:54:42+00:00\" \/>\n<meta property=\"og:image\" content=\"https:\/\/stage.relevo.app\/wp-content\/uploads\/2023\/03\/sustainability-gcf67b13e4_1920-1024x384-1.png\" \/>\n<meta name=\"twitter:card\" content=\"summary_large_image\" \/>\n<meta name=\"twitter:label1\" content=\"Gesch\u00e4tzte Lesezeit\" \/>\n\t<meta name=\"twitter:data1\" content=\"2\u00a0Minuten\" \/>\n<script type=\"application\/ld+json\" class=\"yoast-schema-graph\">{\"@context\":\"https:\\\/\\\/schema.org\",\"@graph\":[{\"@type\":\"WebPage\",\"@id\":\"https:\\\/\\\/relevo.app\\\/de\\\/app_ger_weltrecyclingtag\\\/\",\"url\":\"https:\\\/\\\/relevo.app\\\/de\\\/app_ger_weltrecyclingtag\\\/\",\"name\":\"App_GER_Weltrecyclingtag - Relevo\",\"isPartOf\":{\"@id\":\"https:\\\/\\\/relevo.app\\\/de\\\/#website\"},\"primaryImageOfPage\":{\"@id\":\"https:\\\/\\\/relevo.app\\\/de\\\/app_ger_weltrecyclingtag\\\/#primaryimage\"},\"image\":{\"@id\":\"https:\\\/\\\/relevo.app\\\/de\\\/app_ger_weltrecyclingtag\\\/#primaryimage\"},\"thumbnailUrl\":\"https:\\\/\\\/stage.relevo.app\\\/wp-content\\\/uploads\\\/2023\\\/03\\\/sustainability-gcf67b13e4_1920-1024x384-1.png\",\"datePublished\":\"2023-03-17T11:27:31+00:00\",\"dateModified\":\"2024-03-12T10:54:42+00:00\",\"breadcrumb\":{\"@id\":\"https:\\\/\\\/relevo.app\\\/de\\\/app_ger_weltrecyclingtag\\\/#breadcrumb\"},\"inLanguage\":\"de\",\"potentialAction\":[{\"@type\":\"ReadAction\",\"target\":[\"https:\\\/\\\/relevo.app\\\/de\\\/app_ger_weltrecyclingtag\\\/\"]}]},{\"@type\":\"ImageObject\",\"inLanguage\":\"de\",\"@id\":\"https:\\\/\\\/relevo.app\\\/de\\\/app_ger_weltrecyclingtag\\\/#primaryimage\",\"url\":\"https:\\\/\\\/stage.relevo.app\\\/wp-content\\\/uploads\\\/2023\\\/03\\\/sustainability-gcf67b13e4_1920-1024x384-1.png\",\"contentUrl\":\"https:\\\/\\\/stage.relevo.app\\\/wp-content\\\/uploads\\\/2023\\\/03\\\/sustainability-gcf67b13e4_1920-1024x384-1.png\"},{\"@type\":\"BreadcrumbList\",\"@id\":\"https:\\\/\\\/relevo.app\\\/de\\\/app_ger_weltrecyclingtag\\\/#breadcrumb\",\"itemListElement\":[{\"@type\":\"ListItem\",\"position\":1,\"name\":\"Home\",\"item\":\"https:\\\/\\\/relevo.app\\\/de\\\/\"},{\"@type\":\"ListItem\",\"position\":2,\"name\":\"App_GER_Weltrecyclingtag\"}]},{\"@type\":\"WebSite\",\"@id\":\"https:\\\/\\\/relevo.app\\\/de\\\/#website\",\"url\":\"https:\\\/\\\/relevo.app\\\/de\\\/\",\"name\":\"Relevo\",\"description\":\"\",\"potentialAction\":[{\"@type\":\"SearchAction\",\"target\":{\"@type\":\"EntryPoint\",\"urlTemplate\":\"https:\\\/\\\/relevo.app\\\/de\\\/?s={search_term_string}\"},\"query-input\":{\"@type\":\"PropertyValueSpecification\",\"valueRequired\":true,\"valueName\":\"search_term_string\"}}],\"inLanguage\":\"de\"}]}<\/script>\n<!-- \/ Yoast SEO plugin. -->","yoast_head_json":{"title":"App_GER_Weltrecyclingtag - Relevo","robots":{"index":"noindex","follow":"follow"},"og_locale":"de_DE","og_type":"article","og_title":"App_GER_Weltrecyclingtag - Relevo","og_description":"Am 18.03 ist Weltrecyclingtag! \u00a0 Viele von uns sortieren schon flei\u00dfig und achten darauf, Altpapier, Glasflaschen und Kunststoffverpackungen zu recyceln. Aber es gibt noch viel mehr Produkte, die eigentlich kreislauff\u00e4hig w\u00e4ren, es aber noch nicht sind. Wir m\u00fcssen anfangen, konsequenter auf Wiederverwendung zu setzen und damit kostbare Ressourcen zu schonen! \u00a0 Wir nehmen den morgigen [&hellip;]","og_url":"https:\/\/relevo.app\/de\/app_ger_weltrecyclingtag\/","og_site_name":"Relevo","article_modified_time":"2024-03-12T10:54:42+00:00","og_image":[{"url":"https:\/\/stage.relevo.app\/wp-content\/uploads\/2023\/03\/sustainability-gcf67b13e4_1920-1024x384-1.png","type":"","width":"","height":""}],"twitter_card":"summary_large_image","twitter_misc":{"Gesch\u00e4tzte Lesezeit":"2\u00a0Minuten"},"schema":{"@context":"https:\/\/schema.org","@graph":[{"@type":"WebPage","@id":"https:\/\/relevo.app\/de\/app_ger_weltrecyclingtag\/","url":"https:\/\/relevo.app\/de\/app_ger_weltrecyclingtag\/","name":"App_GER_Weltrecyclingtag - Relevo","isPartOf":{"@id":"https:\/\/relevo.app\/de\/#website"},"primaryImageOfPage":{"@id":"https:\/\/relevo.app\/de\/app_ger_weltrecyclingtag\/#primaryimage"},"image":{"@id":"https:\/\/relevo.app\/de\/app_ger_weltrecyclingtag\/#primaryimage"},"thumbnailUrl":"https:\/\/stage.relevo.app\/wp-content\/uploads\/2023\/03\/sustainability-gcf67b13e4_1920-1024x384-1.png","datePublished":"2023-03-17T11:27:31+00:00","dateModified":"2024-03-12T10:54:42+00:00","breadcrumb":{"@id":"https:\/\/relevo.app\/de\/app_ger_weltrecyclingtag\/#breadcrumb"},"inLanguage":"de","potentialAction":[{"@type":"ReadAction","target":["https:\/\/relevo.app\/de\/app_ger_weltrecyclingtag\/"]}]},{"@type":"ImageObject","inLanguage":"de","@id":"https:\/\/relevo.app\/de\/app_ger_weltrecyclingtag\/#primaryimage","url":"https:\/\/stage.relevo.app\/wp-content\/uploads\/2023\/03\/sustainability-gcf67b13e4_1920-1024x384-1.png","contentUrl":"https:\/\/stage.relevo.app\/wp-content\/uploads\/2023\/03\/sustainability-gcf67b13e4_1920-1024x384-1.png"},{"@type":"BreadcrumbList","@id":"https:\/\/relevo.app\/de\/app_ger_weltrecyclingtag\/#breadcrumb","itemListElement":[{"@type":"ListItem","position":1,"name":"Home","item":"https:\/\/relevo.app\/de\/"},{"@type":"ListItem","position":2,"name":"App_GER_Weltrecyclingtag"}]},{"@type":"WebSite","@id":"https:\/\/relevo.app\/de\/#website","url":"https:\/\/relevo.app\/de\/","name":"Relevo","description":"","potentialAction":[{"@type":"SearchAction","target":{"@type":"EntryPoint","urlTemplate":"https:\/\/relevo.app\/de\/?s={search_term_string}"},"query-input":{"@type":"PropertyValueSpecification","valueRequired":true,"valueName":"search_term_string"}}],"inLanguage":"de"}]}},"_links":{"self":[{"href":"https:\/\/relevo.app\/de\/wp-json\/wp\/v2\/pages\/46799","targetHints":{"allow":["GET"]}}],"collection":[{"href":"https:\/\/relevo.app\/de\/wp-json\/wp\/v2\/pages"}],"about":[{"href":"https:\/\/relevo.app\/de\/wp-json\/wp\/v2\/types\/page"}],"author":[{"embeddable":true,"href":"https:\/\/relevo.app\/de\/wp-json\/wp\/v2\/users\/1"}],"replies":[{"embeddable":true,"href":"https:\/\/relevo.app\/de\/wp-json\/wp\/v2\/comments?post=46799"}],"version-history":[{"count":11,"href":"https:\/\/relevo.app\/de\/wp-json\/wp\/v2\/pages\/46799\/revisions"}],"predecessor-version":[{"id":46810,"href":"https:\/\/relevo.app\/de\/wp-json\/wp\/v2\/pages\/46799\/revisions\/46810"}],"wp:attachment":[{"href":"https:\/\/relevo.app\/de\/wp-json\/wp\/v2\/media?parent=46799"}],"curies":[{"name":"wp","href":"https:\/\/api.w.org\/{rel}","templated":true}]}}

<div data-elementor-type="wp-page" data-elementor-id="46799" class="elementor elementor-46799" data-elementor-post-type="page">
						<section class="elementor-section elementor-top-section elementor-element elementor-element-d3faaab elementor-section-boxed elementor-section-height-default elementor-section-height-default" data-id="d3faaab" data-element_type="section" data-e-type="section">
						<div class="elementor-container elementor-column-gap-default">
					<div class="elementor-column elementor-col-100 elementor-top-column elementor-element elementor-element-f87883f" data-id="f87883f" data-element_type="column" data-e-type="column">
			<div class="elementor-widget-wrap elementor-element-populated">
						<div class="elementor-element elementor-element-8d66f34 elementor-widget elementor-widget-image" data-id="8d66f34" data-element_type="widget" data-e-type="widget" data-widget_type="image.default">
				<div class="elementor-widget-container">
															<img fetchpriority="high" decoding="async" width="800" height="300" src="https://relevo.app/wp-content/uploads/2023/03/sustainability-gcf67b13e4_1920-1024x384-1.png" class="attachment-large size-large wp-image-46794" alt="zoe-le-gal" srcset="https://relevo.app/wp-content/uploads/2023/03/sustainability-gcf67b13e4_1920-1024x384-1.png 1024w, https://relevo.app/wp-content/uploads/2023/03/sustainability-gcf67b13e4_1920-1024x384-1-300x113.png 300w, https://relevo.app/wp-content/uploads/2023/03/sustainability-gcf67b13e4_1920-1024x384-1-768x288.png 768w" sizes="(max-width: 800px) 100vw, 800px" />															</div>
				</div>
				<div class="elementor-element elementor-element-0265353 elementor-widget elementor-widget-text-editor" data-id="0265353" data-element_type="widget" data-e-type="widget" data-widget_type="text-editor.default">
				<div class="elementor-widget-container">
									<p><strong>Am 18.03 ist Weltrecyclingtag! <img decoding="async" class="emoji" role="img" draggable="false" src="https://s.w.org/images/core/emoji/14.0.0/svg/267b.svg" alt="♻️" /> </strong></p><p>Viele von uns sortieren schon fleißig und achten darauf, Altpapier, Glasflaschen und Kunststoffverpackungen zu recyceln. Aber es gibt noch viel mehr Produkte, die eigentlich kreislauffähig wären, es aber noch nicht sind. Wir müssen anfangen, konsequenter auf Wiederverwendung zu setzen und damit kostbare Ressourcen zu schonen!</p><p> </p><p>Wir nehmen den morgigen Weltrecyclingtag zum Anlass, unser Konsumverhalten zu reflektieren und zu überprüfen, in welchen Bereichen wir schon achtsam mit Ressourcen umgehen und wo wir noch einen Schritt weitergehen können. Ein erster und wichtiger Schritt ist, “Abfall” neu zu denken und stattdessen die kostbaren Ressourcen zu sehen, die in jedem einzelnen Produkt stecken <img decoding="async" class="emoji" role="img" draggable="false" src="https://s.w.org/images/core/emoji/14.0.0/svg/1f4ab.svg" alt="💫" /></p><p> </p><p> </p><p> </p>								</div>
				</div>
					</div>
		</div>
					</div>
		</section>
				</div>

<p>Am 18.03 ist Weltrecyclingtag!   Viele von uns sortieren schon fleißig und achten darauf, Altpapier, Glasflaschen und Kunststoffverpackungen zu recyceln. Aber es gibt noch viel mehr Produkte, die eigentlich kreislauffähig wären, es aber noch nicht sind. Wir müssen anfangen, konsequenter auf Wiederverwendung zu setzen und damit kostbare Ressourcen zu schonen!   Wir nehmen den morgigen [&hellip;]</p>

<!-- This site is optimized with the Yoast SEO plugin v27.4 - https://yoast.com/product/yoast-seo-wordpress/ -->
<title>App_GER_Weltrecyclingtag - Relevo</title>
<meta name="robots" content="noindex, follow" />
<meta property="og:locale" content="de_DE" />
<meta property="og:type" content="article" />
<meta property="og:title" content="App_GER_Weltrecyclingtag - Relevo" />
<meta property="og:description" content="Am 18.03 ist Weltrecyclingtag!   Viele von uns sortieren schon fleißig und achten darauf, Altpapier, Glasflaschen und Kunststoffverpackungen zu recyceln. Aber es gibt noch viel mehr Produkte, die eigentlich kreislauffähig wären, es aber noch nicht sind. Wir müssen anfangen, konsequenter auf Wiederverwendung zu setzen und damit kostbare Ressourcen zu schonen!   Wir nehmen den morgigen [&hellip;]" />
<meta property="og:url" content="https://relevo.app/de/app_ger_weltrecyclingtag/" />
<meta property="og:site_name" content="Relevo" />
<meta property="article:modified_time" content="2024-03-12T10:54:42+00:00" />
<meta property="og:image" content="https://stage.relevo.app/wp-content/uploads/2023/03/sustainability-gcf67b13e4_1920-1024x384-1.png" />
<meta name="twitter:card" content="summary_large_image" />
<meta name="twitter:label1" content="Geschätzte Lesezeit" />
	<meta name="twitter:data1" content="2 Minuten" />
<script type="application/ld+json" class="yoast-schema-graph">{"@context":"https:\/\/schema.org","@graph":[{"@type":"WebPage","@id":"https:\/\/relevo.app\/de\/app_ger_weltrecyclingtag\/","url":"https:\/\/relevo.app\/de\/app_ger_weltrecyclingtag\/","name":"App_GER_Weltrecyclingtag - Relevo","isPartOf":{"@id":"https:\/\/relevo.app\/de\/#website"},"primaryImageOfPage":{"@id":"https:\/\/relevo.app\/de\/app_ger_weltrecyclingtag\/#primaryimage"},"image":{"@id":"https:\/\/relevo.app\/de\/app_ger_weltrecyclingtag\/#primaryimage"},"thumbnailUrl":"https:\/\/stage.relevo.app\/wp-content\/uploads\/2023\/03\/sustainability-gcf67b13e4_1920-1024x384-1.png","datePublished":"2023-03-17T11:27:31+00:00","dateModified":"2024-03-12T10:54:42+00:00","breadcrumb":{"@id":"https:\/\/relevo.app\/de\/app_ger_weltrecyclingtag\/#breadcrumb"},"inLanguage":"de","potentialAction":[{"@type":"ReadAction","target":["https:\/\/relevo.app\/de\/app_ger_weltrecyclingtag\/"]}]},{"@type":"ImageObject","inLanguage":"de","@id":"https:\/\/relevo.app\/de\/app_ger_weltrecyclingtag\/#primaryimage","url":"https:\/\/stage.relevo.app\/wp-content\/uploads\/2023\/03\/sustainability-gcf67b13e4_1920-1024x384-1.png","contentUrl":"https:\/\/stage.relevo.app\/wp-content\/uploads\/2023\/03\/sustainability-gcf67b13e4_1920-1024x384-1.png"},{"@type":"BreadcrumbList","@id":"https:\/\/relevo.app\/de\/app_ger_weltrecyclingtag\/#breadcrumb","itemListElement":[{"@type":"ListItem","position":1,"name":"Home","item":"https:\/\/relevo.app\/de\/"},{"@type":"ListItem","position":2,"name":"App_GER_Weltrecyclingtag"}]},{"@type":"WebSite","@id":"https:\/\/relevo.app\/de\/#website","url":"https:\/\/relevo.app\/de\/","name":"Relevo","description":"","potentialAction":[{"@type":"SearchAction","target":{"@type":"EntryPoint","urlTemplate":"https:\/\/relevo.app\/de\/?s={search_term_string}"},"query-input":{"@type":"PropertyValueSpecification","valueRequired":true,"valueName":"search_term_string"}}],"inLanguage":"de"}]}</script>
<!-- / Yoast SEO plugin. -->

Am 18.03 ist Weltrecyclingtag!   Viele von uns sortieren schon fleißig und achten darauf, Altpapier, Glasflaschen und Kunststoffverpackungen zu recyceln. Aber es gibt noch viel mehr Produkte, die eigentlich kreislauffähig wären, es aber noch nicht sind. Wir müssen anfangen, konsequenter auf Wiederverwendung zu setzen und damit kostbare Ressourcen zu schonen!   Wir nehmen den morgigen [&hellip;]
