{"id":41840,"date":"2022-10-13T09:46:58","date_gmt":"2022-10-13T08:46:58","guid":{"rendered":"https:\/\/stage.relevo.app\/?page_id=41840"},"modified":"2024-03-12T11:47:29","modified_gmt":"2024-03-12T10:47:29","slug":"app_ger_meet_the_team_3","status":"publish","type":"page","link":"https:\/\/relevo.app\/de\/app_ger_meet_the_team_3\/","title":{"rendered":"App_GER_meet_the_team_3"},"content":{"rendered":"\t\t<div data-elementor-type=\"wp-page\" data-elementor-id=\"41840\" class=\"elementor elementor-41840\" data-elementor-post-type=\"page\">\n\t\t\t\t\t\t<section class=\"elementor-section elementor-top-section elementor-element elementor-element-d3faaab elementor-section-boxed elementor-section-height-default elementor-section-height-default\" data-id=\"d3faaab\" data-element_type=\"section\" data-e-type=\"section\">\n\t\t\t\t\t\t<div class=\"elementor-container elementor-column-gap-default\">\n\t\t\t\t\t<div class=\"elementor-column elementor-col-100 elementor-top-column elementor-element elementor-element-f87883f\" data-id=\"f87883f\" data-element_type=\"column\" data-e-type=\"column\">\n\t\t\t<div class=\"elementor-widget-wrap elementor-element-populated\">\n\t\t\t\t\t\t<div class=\"elementor-element elementor-element-8d66f34 elementor-widget elementor-widget-image\" data-id=\"8d66f34\" data-element_type=\"widget\" data-e-type=\"widget\" data-widget_type=\"image.default\">\n\t\t\t\t<div class=\"elementor-widget-container\">\n\t\t\t\t\t\t\t\t\t\t\t\t\t\t\t<img fetchpriority=\"high\" decoding=\"async\" width=\"768\" height=\"768\" src=\"https:\/\/relevo.app\/wp-content\/uploads\/2022\/10\/Meet_the_Relevo_Team_Jonas_Kathi-768x768.jpg\" class=\"attachment-medium_large size-medium_large wp-image-41878\" alt=\"\" srcset=\"https:\/\/relevo.app\/wp-content\/uploads\/2022\/10\/Meet_the_Relevo_Team_Jonas_Kathi-768x768.jpg 768w, https:\/\/relevo.app\/wp-content\/uploads\/2022\/10\/Meet_the_Relevo_Team_Jonas_Kathi-300x300.jpg 300w, https:\/\/relevo.app\/wp-content\/uploads\/2022\/10\/Meet_the_Relevo_Team_Jonas_Kathi-1024x1024.jpg 1024w, https:\/\/relevo.app\/wp-content\/uploads\/2022\/10\/Meet_the_Relevo_Team_Jonas_Kathi-150x150.jpg 150w, https:\/\/relevo.app\/wp-content\/uploads\/2022\/10\/Meet_the_Relevo_Team_Jonas_Kathi-1536x1536.jpg 1536w, https:\/\/relevo.app\/wp-content\/uploads\/2022\/10\/Meet_the_Relevo_Team_Jonas_Kathi-600x600.jpg 600w, https:\/\/relevo.app\/wp-content\/uploads\/2022\/10\/Meet_the_Relevo_Team_Jonas_Kathi-100x100.jpg 100w, https:\/\/relevo.app\/wp-content\/uploads\/2022\/10\/Meet_the_Relevo_Team_Jonas_Kathi.jpg 1667w\" sizes=\"(max-width: 768px) 100vw, 768px\" \/>\t\t\t\t\t\t\t\t\t\t\t\t\t\t\t<\/div>\n\t\t\t\t<\/div>\n\t\t\t\t<div class=\"elementor-element elementor-element-0265353 elementor-widget elementor-widget-text-editor\" data-id=\"0265353\" data-element_type=\"widget\" data-e-type=\"widget\" data-widget_type=\"text-editor.default\">\n\t\t\t\t<div class=\"elementor-widget-container\">\n\t\t\t\t\t\t\t\t\t<p><strong>Meet the Team #3<\/strong><\/p><p>Diese Woche haben wir Kathi und Jonas interviewt! <img decoding=\"async\" class=\"emoji\" role=\"img\" draggable=\"false\" src=\"https:\/\/s.w.org\/images\/core\/emoji\/14.0.0\/svg\/1f929.svg\" alt=\"\ud83e\udd29\" \/> Kathi arbeitet im Bereich People &amp; Culture und falls du dich mal bei uns bewerben m\u00f6chtest, landet deine Bewerbung auf ihrem Tisch <img decoding=\"async\" class=\"emoji\" role=\"img\" draggable=\"false\" src=\"https:\/\/s.w.org\/images\/core\/emoji\/14.0.0\/svg\/1f60e.svg\" alt=\"\ud83d\ude0e\" \/> Jonas ist seit diesem Fr\u00fchjahr als Marketing Manager bei Relevo t\u00e4tig und dank ihm entwickelt sich unter anderem unsere Webseite stetig weiter <img decoding=\"async\" class=\"emoji\" role=\"img\" draggable=\"false\" src=\"https:\/\/s.w.org\/images\/core\/emoji\/14.0.0\/svg\/1f389.svg\" alt=\"\ud83c\udf89\" \/><\/p><p><a href=\"https:\/\/relevo.app\/meet-the-team-kathi-jonas\/\"><b>Hier <\/b><\/a>erf\u00e4hrst du mehr \u00fcber ihre genauen Aufgabenbereiche und sch\u00f6nsten Erlebnisse bei Relevo.<\/p><p>\u00a0<\/p><p>\u00a0<\/p><p>\u00a0<\/p>\t\t\t\t\t\t\t\t<\/div>\n\t\t\t\t<\/div>\n\t\t\t\t\t<\/div>\n\t\t<\/div>\n\t\t\t\t\t<\/div>\n\t\t<\/section>\n\t\t\t\t<section class=\"elementor-section elementor-top-section elementor-element elementor-element-7b90f9a elementor-section-boxed elementor-section-height-default elementor-section-height-default\" data-id=\"7b90f9a\" data-element_type=\"section\" data-e-type=\"section\">\n\t\t\t\t\t\t<div class=\"elementor-container elementor-column-gap-default\">\n\t\t\t\t\t<div class=\"elementor-column elementor-col-100 elementor-top-column elementor-element elementor-element-e4d4f0f\" data-id=\"e4d4f0f\" data-element_type=\"column\" data-e-type=\"column\">\n\t\t\t<div class=\"elementor-widget-wrap\">\n\t\t\t\t\t\t\t<\/div>\n\t\t<\/div>\n\t\t\t\t\t<\/div>\n\t\t<\/section>\n\t\t\t\t<\/div>\n\t\t","protected":false},"excerpt":{"rendered":"<p>Meet the Team #3 Diese Woche haben wir Kathi und Jonas interviewt! Kathi arbeitet im Bereich People &amp; Culture und falls du dich mal bei uns bewerben m\u00f6chtest, landet deine Bewerbung auf ihrem Tisch Jonas ist seit diesem Fr\u00fchjahr als Marketing Manager bei Relevo t\u00e4tig und dank ihm entwickelt sich unter anderem unsere Webseite stetig [&hellip;]<\/p>\n","protected":false},"author":1,"featured_media":0,"parent":0,"menu_order":0,"comment_status":"closed","ping_status":"closed","template":"elementor_canvas","meta":{"content-type":"","om_disable_all_campaigns":false,"footnotes":""},"class_list":["post-41840","page","type-page","status-publish","hentry"],"yoast_head":"<!-- This site is optimized with the Yoast SEO plugin v27.4 - https:\/\/yoast.com\/product\/yoast-seo-wordpress\/ -->\n<title>App_GER_meet_the_team_3 - Relevo<\/title>\n<meta name=\"robots\" content=\"noindex, follow\" \/>\n<meta property=\"og:locale\" content=\"de_DE\" \/>\n<meta property=\"og:type\" content=\"article\" \/>\n<meta property=\"og:title\" content=\"App_GER_meet_the_team_3 - Relevo\" \/>\n<meta property=\"og:description\" content=\"Meet the Team #3 Diese Woche haben wir Kathi und Jonas interviewt! Kathi arbeitet im Bereich People &amp; Culture und falls du dich mal bei uns bewerben m\u00f6chtest, landet deine Bewerbung auf ihrem Tisch Jonas ist seit diesem Fr\u00fchjahr als Marketing Manager bei Relevo t\u00e4tig und dank ihm entwickelt sich unter anderem unsere Webseite stetig [&hellip;]\" \/>\n<meta property=\"og:url\" content=\"https:\/\/relevo.app\/de\/app_ger_meet_the_team_3\/\" \/>\n<meta property=\"og:site_name\" content=\"Relevo\" \/>\n<meta property=\"article:modified_time\" content=\"2024-03-12T10:47:29+00:00\" \/>\n<meta property=\"og:image\" content=\"https:\/\/stage.relevo.app\/wp-content\/uploads\/2022\/10\/Meet_the_Relevo_Team_Jonas_Kathi-768x768.jpg\" \/>\n<meta name=\"twitter:card\" content=\"summary_large_image\" \/>\n<meta name=\"twitter:label1\" content=\"Gesch\u00e4tzte Lesezeit\" \/>\n\t<meta name=\"twitter:data1\" content=\"2\u00a0Minuten\" \/>\n<script type=\"application\/ld+json\" class=\"yoast-schema-graph\">{\"@context\":\"https:\\\/\\\/schema.org\",\"@graph\":[{\"@type\":\"WebPage\",\"@id\":\"https:\\\/\\\/relevo.app\\\/de\\\/app_ger_meet_the_team_3\\\/\",\"url\":\"https:\\\/\\\/relevo.app\\\/de\\\/app_ger_meet_the_team_3\\\/\",\"name\":\"App_GER_meet_the_team_3 - Relevo\",\"isPartOf\":{\"@id\":\"https:\\\/\\\/relevo.app\\\/de\\\/#website\"},\"primaryImageOfPage\":{\"@id\":\"https:\\\/\\\/relevo.app\\\/de\\\/app_ger_meet_the_team_3\\\/#primaryimage\"},\"image\":{\"@id\":\"https:\\\/\\\/relevo.app\\\/de\\\/app_ger_meet_the_team_3\\\/#primaryimage\"},\"thumbnailUrl\":\"https:\\\/\\\/stage.relevo.app\\\/wp-content\\\/uploads\\\/2022\\\/10\\\/Meet_the_Relevo_Team_Jonas_Kathi-768x768.jpg\",\"datePublished\":\"2022-10-13T08:46:58+00:00\",\"dateModified\":\"2024-03-12T10:47:29+00:00\",\"breadcrumb\":{\"@id\":\"https:\\\/\\\/relevo.app\\\/de\\\/app_ger_meet_the_team_3\\\/#breadcrumb\"},\"inLanguage\":\"de\",\"potentialAction\":[{\"@type\":\"ReadAction\",\"target\":[\"https:\\\/\\\/relevo.app\\\/de\\\/app_ger_meet_the_team_3\\\/\"]}]},{\"@type\":\"ImageObject\",\"inLanguage\":\"de\",\"@id\":\"https:\\\/\\\/relevo.app\\\/de\\\/app_ger_meet_the_team_3\\\/#primaryimage\",\"url\":\"https:\\\/\\\/stage.relevo.app\\\/wp-content\\\/uploads\\\/2022\\\/10\\\/Meet_the_Relevo_Team_Jonas_Kathi-768x768.jpg\",\"contentUrl\":\"https:\\\/\\\/stage.relevo.app\\\/wp-content\\\/uploads\\\/2022\\\/10\\\/Meet_the_Relevo_Team_Jonas_Kathi-768x768.jpg\"},{\"@type\":\"BreadcrumbList\",\"@id\":\"https:\\\/\\\/relevo.app\\\/de\\\/app_ger_meet_the_team_3\\\/#breadcrumb\",\"itemListElement\":[{\"@type\":\"ListItem\",\"position\":1,\"name\":\"Home\",\"item\":\"https:\\\/\\\/relevo.app\\\/de\\\/\"},{\"@type\":\"ListItem\",\"position\":2,\"name\":\"App_GER_meet_the_team_3\"}]},{\"@type\":\"WebSite\",\"@id\":\"https:\\\/\\\/relevo.app\\\/de\\\/#website\",\"url\":\"https:\\\/\\\/relevo.app\\\/de\\\/\",\"name\":\"Relevo\",\"description\":\"\",\"potentialAction\":[{\"@type\":\"SearchAction\",\"target\":{\"@type\":\"EntryPoint\",\"urlTemplate\":\"https:\\\/\\\/relevo.app\\\/de\\\/?s={search_term_string}\"},\"query-input\":{\"@type\":\"PropertyValueSpecification\",\"valueRequired\":true,\"valueName\":\"search_term_string\"}}],\"inLanguage\":\"de\"}]}<\/script>\n<!-- \/ Yoast SEO plugin. -->","yoast_head_json":{"title":"App_GER_meet_the_team_3 - Relevo","robots":{"index":"noindex","follow":"follow"},"og_locale":"de_DE","og_type":"article","og_title":"App_GER_meet_the_team_3 - Relevo","og_description":"Meet the Team #3 Diese Woche haben wir Kathi und Jonas interviewt! Kathi arbeitet im Bereich People &amp; Culture und falls du dich mal bei uns bewerben m\u00f6chtest, landet deine Bewerbung auf ihrem Tisch Jonas ist seit diesem Fr\u00fchjahr als Marketing Manager bei Relevo t\u00e4tig und dank ihm entwickelt sich unter anderem unsere Webseite stetig [&hellip;]","og_url":"https:\/\/relevo.app\/de\/app_ger_meet_the_team_3\/","og_site_name":"Relevo","article_modified_time":"2024-03-12T10:47:29+00:00","og_image":[{"url":"https:\/\/stage.relevo.app\/wp-content\/uploads\/2022\/10\/Meet_the_Relevo_Team_Jonas_Kathi-768x768.jpg","type":"","width":"","height":""}],"twitter_card":"summary_large_image","twitter_misc":{"Gesch\u00e4tzte Lesezeit":"2\u00a0Minuten"},"schema":{"@context":"https:\/\/schema.org","@graph":[{"@type":"WebPage","@id":"https:\/\/relevo.app\/de\/app_ger_meet_the_team_3\/","url":"https:\/\/relevo.app\/de\/app_ger_meet_the_team_3\/","name":"App_GER_meet_the_team_3 - Relevo","isPartOf":{"@id":"https:\/\/relevo.app\/de\/#website"},"primaryImageOfPage":{"@id":"https:\/\/relevo.app\/de\/app_ger_meet_the_team_3\/#primaryimage"},"image":{"@id":"https:\/\/relevo.app\/de\/app_ger_meet_the_team_3\/#primaryimage"},"thumbnailUrl":"https:\/\/stage.relevo.app\/wp-content\/uploads\/2022\/10\/Meet_the_Relevo_Team_Jonas_Kathi-768x768.jpg","datePublished":"2022-10-13T08:46:58+00:00","dateModified":"2024-03-12T10:47:29+00:00","breadcrumb":{"@id":"https:\/\/relevo.app\/de\/app_ger_meet_the_team_3\/#breadcrumb"},"inLanguage":"de","potentialAction":[{"@type":"ReadAction","target":["https:\/\/relevo.app\/de\/app_ger_meet_the_team_3\/"]}]},{"@type":"ImageObject","inLanguage":"de","@id":"https:\/\/relevo.app\/de\/app_ger_meet_the_team_3\/#primaryimage","url":"https:\/\/stage.relevo.app\/wp-content\/uploads\/2022\/10\/Meet_the_Relevo_Team_Jonas_Kathi-768x768.jpg","contentUrl":"https:\/\/stage.relevo.app\/wp-content\/uploads\/2022\/10\/Meet_the_Relevo_Team_Jonas_Kathi-768x768.jpg"},{"@type":"BreadcrumbList","@id":"https:\/\/relevo.app\/de\/app_ger_meet_the_team_3\/#breadcrumb","itemListElement":[{"@type":"ListItem","position":1,"name":"Home","item":"https:\/\/relevo.app\/de\/"},{"@type":"ListItem","position":2,"name":"App_GER_meet_the_team_3"}]},{"@type":"WebSite","@id":"https:\/\/relevo.app\/de\/#website","url":"https:\/\/relevo.app\/de\/","name":"Relevo","description":"","potentialAction":[{"@type":"SearchAction","target":{"@type":"EntryPoint","urlTemplate":"https:\/\/relevo.app\/de\/?s={search_term_string}"},"query-input":{"@type":"PropertyValueSpecification","valueRequired":true,"valueName":"search_term_string"}}],"inLanguage":"de"}]}},"_links":{"self":[{"href":"https:\/\/relevo.app\/de\/wp-json\/wp\/v2\/pages\/41840","targetHints":{"allow":["GET"]}}],"collection":[{"href":"https:\/\/relevo.app\/de\/wp-json\/wp\/v2\/pages"}],"about":[{"href":"https:\/\/relevo.app\/de\/wp-json\/wp\/v2\/types\/page"}],"author":[{"embeddable":true,"href":"https:\/\/relevo.app\/de\/wp-json\/wp\/v2\/users\/1"}],"replies":[{"embeddable":true,"href":"https:\/\/relevo.app\/de\/wp-json\/wp\/v2\/comments?post=41840"}],"version-history":[{"count":7,"href":"https:\/\/relevo.app\/de\/wp-json\/wp\/v2\/pages\/41840\/revisions"}],"predecessor-version":[{"id":41884,"href":"https:\/\/relevo.app\/de\/wp-json\/wp\/v2\/pages\/41840\/revisions\/41884"}],"wp:attachment":[{"href":"https:\/\/relevo.app\/de\/wp-json\/wp\/v2\/media?parent=41840"}],"curies":[{"name":"wp","href":"https:\/\/api.w.org\/{rel}","templated":true}]}}

<div data-elementor-type="wp-page" data-elementor-id="41840" class="elementor elementor-41840" data-elementor-post-type="page">
						<section class="elementor-section elementor-top-section elementor-element elementor-element-d3faaab elementor-section-boxed elementor-section-height-default elementor-section-height-default" data-id="d3faaab" data-element_type="section" data-e-type="section">
						<div class="elementor-container elementor-column-gap-default">
					<div class="elementor-column elementor-col-100 elementor-top-column elementor-element elementor-element-f87883f" data-id="f87883f" data-element_type="column" data-e-type="column">
			<div class="elementor-widget-wrap elementor-element-populated">
						<div class="elementor-element elementor-element-8d66f34 elementor-widget elementor-widget-image" data-id="8d66f34" data-element_type="widget" data-e-type="widget" data-widget_type="image.default">
				<div class="elementor-widget-container">
															<img fetchpriority="high" decoding="async" width="768" height="768" src="https://relevo.app/wp-content/uploads/2022/10/Meet_the_Relevo_Team_Jonas_Kathi-768x768.jpg" class="attachment-medium_large size-medium_large wp-image-41878" alt="" srcset="https://relevo.app/wp-content/uploads/2022/10/Meet_the_Relevo_Team_Jonas_Kathi-768x768.jpg 768w, https://relevo.app/wp-content/uploads/2022/10/Meet_the_Relevo_Team_Jonas_Kathi-300x300.jpg 300w, https://relevo.app/wp-content/uploads/2022/10/Meet_the_Relevo_Team_Jonas_Kathi-1024x1024.jpg 1024w, https://relevo.app/wp-content/uploads/2022/10/Meet_the_Relevo_Team_Jonas_Kathi-150x150.jpg 150w, https://relevo.app/wp-content/uploads/2022/10/Meet_the_Relevo_Team_Jonas_Kathi-1536x1536.jpg 1536w, https://relevo.app/wp-content/uploads/2022/10/Meet_the_Relevo_Team_Jonas_Kathi-600x600.jpg 600w, https://relevo.app/wp-content/uploads/2022/10/Meet_the_Relevo_Team_Jonas_Kathi-100x100.jpg 100w, https://relevo.app/wp-content/uploads/2022/10/Meet_the_Relevo_Team_Jonas_Kathi.jpg 1667w" sizes="(max-width: 768px) 100vw, 768px" />															</div>
				</div>
				<div class="elementor-element elementor-element-0265353 elementor-widget elementor-widget-text-editor" data-id="0265353" data-element_type="widget" data-e-type="widget" data-widget_type="text-editor.default">
				<div class="elementor-widget-container">
									<p><strong>Meet the Team #3</strong></p><p>Diese Woche haben wir Kathi und Jonas interviewt! <img decoding="async" class="emoji" role="img" draggable="false" src="https://s.w.org/images/core/emoji/14.0.0/svg/1f929.svg" alt="🤩" /> Kathi arbeitet im Bereich People &amp; Culture und falls du dich mal bei uns bewerben möchtest, landet deine Bewerbung auf ihrem Tisch <img decoding="async" class="emoji" role="img" draggable="false" src="https://s.w.org/images/core/emoji/14.0.0/svg/1f60e.svg" alt="😎" /> Jonas ist seit diesem Frühjahr als Marketing Manager bei Relevo tätig und dank ihm entwickelt sich unter anderem unsere Webseite stetig weiter <img decoding="async" class="emoji" role="img" draggable="false" src="https://s.w.org/images/core/emoji/14.0.0/svg/1f389.svg" alt="🎉" /></p><p><a href="https://relevo.app/meet-the-team-kathi-jonas/"><b>Hier </b></a>erfährst du mehr über ihre genauen Aufgabenbereiche und schönsten Erlebnisse bei Relevo.</p><p> </p><p> </p><p> </p>								</div>
				</div>
					</div>
		</div>
					</div>
		</section>
				<section class="elementor-section elementor-top-section elementor-element elementor-element-7b90f9a elementor-section-boxed elementor-section-height-default elementor-section-height-default" data-id="7b90f9a" data-element_type="section" data-e-type="section">
						<div class="elementor-container elementor-column-gap-default">
					<div class="elementor-column elementor-col-100 elementor-top-column elementor-element elementor-element-e4d4f0f" data-id="e4d4f0f" data-element_type="column" data-e-type="column">
			<div class="elementor-widget-wrap">
							</div>
		</div>
					</div>
		</section>
				</div>

<p>Meet the Team #3 Diese Woche haben wir Kathi und Jonas interviewt! Kathi arbeitet im Bereich People &amp; Culture und falls du dich mal bei uns bewerben möchtest, landet deine Bewerbung auf ihrem Tisch Jonas ist seit diesem Frühjahr als Marketing Manager bei Relevo tätig und dank ihm entwickelt sich unter anderem unsere Webseite stetig [&hellip;]</p>

<!-- This site is optimized with the Yoast SEO plugin v27.4 - https://yoast.com/product/yoast-seo-wordpress/ -->
<title>App_GER_meet_the_team_3 - Relevo</title>
<meta name="robots" content="noindex, follow" />
<meta property="og:locale" content="de_DE" />
<meta property="og:type" content="article" />
<meta property="og:title" content="App_GER_meet_the_team_3 - Relevo" />
<meta property="og:description" content="Meet the Team #3 Diese Woche haben wir Kathi und Jonas interviewt! Kathi arbeitet im Bereich People &amp; Culture und falls du dich mal bei uns bewerben möchtest, landet deine Bewerbung auf ihrem Tisch Jonas ist seit diesem Frühjahr als Marketing Manager bei Relevo tätig und dank ihm entwickelt sich unter anderem unsere Webseite stetig [&hellip;]" />
<meta property="og:url" content="https://relevo.app/de/app_ger_meet_the_team_3/" />
<meta property="og:site_name" content="Relevo" />
<meta property="article:modified_time" content="2024-03-12T10:47:29+00:00" />
<meta property="og:image" content="https://stage.relevo.app/wp-content/uploads/2022/10/Meet_the_Relevo_Team_Jonas_Kathi-768x768.jpg" />
<meta name="twitter:card" content="summary_large_image" />
<meta name="twitter:label1" content="Geschätzte Lesezeit" />
	<meta name="twitter:data1" content="2 Minuten" />
<script type="application/ld+json" class="yoast-schema-graph">{"@context":"https:\/\/schema.org","@graph":[{"@type":"WebPage","@id":"https:\/\/relevo.app\/de\/app_ger_meet_the_team_3\/","url":"https:\/\/relevo.app\/de\/app_ger_meet_the_team_3\/","name":"App_GER_meet_the_team_3 - Relevo","isPartOf":{"@id":"https:\/\/relevo.app\/de\/#website"},"primaryImageOfPage":{"@id":"https:\/\/relevo.app\/de\/app_ger_meet_the_team_3\/#primaryimage"},"image":{"@id":"https:\/\/relevo.app\/de\/app_ger_meet_the_team_3\/#primaryimage"},"thumbnailUrl":"https:\/\/stage.relevo.app\/wp-content\/uploads\/2022\/10\/Meet_the_Relevo_Team_Jonas_Kathi-768x768.jpg","datePublished":"2022-10-13T08:46:58+00:00","dateModified":"2024-03-12T10:47:29+00:00","breadcrumb":{"@id":"https:\/\/relevo.app\/de\/app_ger_meet_the_team_3\/#breadcrumb"},"inLanguage":"de","potentialAction":[{"@type":"ReadAction","target":["https:\/\/relevo.app\/de\/app_ger_meet_the_team_3\/"]}]},{"@type":"ImageObject","inLanguage":"de","@id":"https:\/\/relevo.app\/de\/app_ger_meet_the_team_3\/#primaryimage","url":"https:\/\/stage.relevo.app\/wp-content\/uploads\/2022\/10\/Meet_the_Relevo_Team_Jonas_Kathi-768x768.jpg","contentUrl":"https:\/\/stage.relevo.app\/wp-content\/uploads\/2022\/10\/Meet_the_Relevo_Team_Jonas_Kathi-768x768.jpg"},{"@type":"BreadcrumbList","@id":"https:\/\/relevo.app\/de\/app_ger_meet_the_team_3\/#breadcrumb","itemListElement":[{"@type":"ListItem","position":1,"name":"Home","item":"https:\/\/relevo.app\/de\/"},{"@type":"ListItem","position":2,"name":"App_GER_meet_the_team_3"}]},{"@type":"WebSite","@id":"https:\/\/relevo.app\/de\/#website","url":"https:\/\/relevo.app\/de\/","name":"Relevo","description":"","potentialAction":[{"@type":"SearchAction","target":{"@type":"EntryPoint","urlTemplate":"https:\/\/relevo.app\/de\/?s={search_term_string}"},"query-input":{"@type":"PropertyValueSpecification","valueRequired":true,"valueName":"search_term_string"}}],"inLanguage":"de"}]}</script>
<!-- / Yoast SEO plugin. -->

Meet the Team #3 Diese Woche haben wir Kathi und Jonas interviewt! Kathi arbeitet im Bereich People &amp; Culture und falls du dich mal bei uns bewerben möchtest, landet deine Bewerbung auf ihrem Tisch Jonas ist seit diesem Frühjahr als Marketing Manager bei Relevo tätig und dank ihm entwickelt sich unter anderem unsere Webseite stetig [&hellip;]
