{"id":41218,"date":"2022-09-16T20:48:07","date_gmt":"2022-09-16T19:48:07","guid":{"rendered":"https:\/\/stage.relevo.app\/?page_id=41218"},"modified":"2024-03-12T11:54:46","modified_gmt":"2024-03-12T10:54:46","slug":"app_ger_world_cleanup_day","status":"publish","type":"page","link":"https:\/\/relevo.app\/de\/app_ger_world_cleanup_day\/","title":{"rendered":"App_GER_World_Cleanup_Day"},"content":{"rendered":"\t\t<div data-elementor-type=\"wp-page\" data-elementor-id=\"41218\" class=\"elementor elementor-41218\" data-elementor-post-type=\"page\">\n\t\t\t\t\t\t<section class=\"elementor-section elementor-top-section elementor-element elementor-element-d3faaab elementor-section-boxed elementor-section-height-default elementor-section-height-default\" data-id=\"d3faaab\" data-element_type=\"section\" data-e-type=\"section\">\n\t\t\t\t\t\t<div class=\"elementor-container elementor-column-gap-default\">\n\t\t\t\t\t<div class=\"elementor-column elementor-col-100 elementor-top-column elementor-element elementor-element-f87883f\" data-id=\"f87883f\" data-element_type=\"column\" data-e-type=\"column\">\n\t\t\t<div class=\"elementor-widget-wrap elementor-element-populated\">\n\t\t\t\t\t\t<div class=\"elementor-element elementor-element-8d66f34 elementor-widget elementor-widget-image\" data-id=\"8d66f34\" data-element_type=\"widget\" data-e-type=\"widget\" data-widget_type=\"image.default\">\n\t\t\t\t<div class=\"elementor-widget-container\">\n\t\t\t\t\t\t\t\t\t\t\t\t\t\t\t<img decoding=\"async\" src=\"https:\/\/relevo.app\/wp-content\/uploads\/2022\/09\/Cleanup_1.jpg\" title=\"\" alt=\"\" loading=\"lazy\" \/>\t\t\t\t\t\t\t\t\t\t\t\t\t\t\t<\/div>\n\t\t\t\t<\/div>\n\t\t\t\t<div class=\"elementor-element elementor-element-0265353 elementor-widget elementor-widget-text-editor\" data-id=\"0265353\" data-element_type=\"widget\" data-e-type=\"widget\" data-widget_type=\"text-editor.default\">\n\t\t\t\t<div class=\"elementor-widget-container\">\n\t\t\t\t\t\t\t\t\t<p><b>Zusammen ein Zeichen gegen Umweltverschmutzungen setzen<\/b> <img decoding=\"async\" class=\"emoji\" role=\"img\" draggable=\"false\" src=\"https:\/\/s.w.org\/images\/core\/emoji\/14.0.0\/svg\/1f30e.svg\" alt=\"\ud83c\udf0e\" \/> \u00a0 \u00a0\u00a0\u00a0 \u00a0\u00a0\u00a0 \u00a0\u00a0<\/p><p>Umweltverschmutzungen geh\u00f6ren zu den dr\u00e4ngendsten Themen dieser Zeit, deren Auswirkungen uns alle betreffen! Dieser Meinung ist der gemeinn\u00fctzige Tr\u00e4gerverein \u201eLet\u2019s Do It! Germany e.V.\u201c, der es nicht nur bei Worten belassen, sondern 2018 den<a href=\"https:\/\/worldcleanupday.de\/\"> World Cleanup Day<\/a> in Deutschland ins Leben gerufen hat. Dabei handelt es sich um die weltweit gr\u00f6\u00dfte Bottom-Up-B\u00fcrgerbewegung zur Beseitigung von Umweltverschmutzung und Plastikm\u00fcll.\u00a0<\/p><p>Schon viermal haben sich Dank des World Cleanup Days weltweit mehrere Millionen Menschen am dritten September-Samstag zusammengetan und ein Zeichen f\u00fcr eine saubere, gesunde und plastikm\u00fcllfreie Umwelt gesetzt. So haben beispielsweise letztes Jahr 14 Millionen Personen in 191 L\u00e4ndern im Rahmen des World Cleanup Days 53 Tausend Tonnen M\u00fcll gesammelt <img decoding=\"async\" class=\"emoji\" role=\"img\" draggable=\"false\" src=\"https:\/\/s.w.org\/images\/core\/emoji\/14.0.0\/svg\/1f6ae.svg\" alt=\"\ud83d\udeae\" \/><\/p><p><b>Aufgepasst!<\/b> <img decoding=\"async\" class=\"emoji\" role=\"img\" draggable=\"false\" src=\"https:\/\/s.w.org\/images\/core\/emoji\/14.0.0\/svg\/1f4e3.svg\" alt=\"\ud83d\udce3\" \/> Dieses Jahr<b> <\/b>findet der World Cleanup Day am <b>17. September 2022<\/b> statt. Wenn auch du Lust hast, Teil der weltweit gr\u00f6\u00dften M\u00fcllsammelaktion zu sein, kannst du<a href=\"https:\/\/worldcleanupday.de\/cleanup\/\"> <b>hier<\/b><\/a> nachsehen, welche Aktionen in deiner N\u00e4he angeboten werden.\u00a0<\/p><p>Auch wir von <b>Relevo <\/b>packen mit an \u2013 sowohl beim Aufr\u00e4umen, aber vor allem auch pr\u00e4ventiv an der Wurzel des Problems! Unser Ziel als Mehrwegsystemanbieter ist es, Einwegverpackungen \u00fcberfl\u00fcssig zu machen und damit einen Beitrag f\u00fcr eine umweltfreundlichere Zukunft zu leisten. Denn eins ist klar: Der beste Abfall ist der, der gar nicht erst entsteht!<b> <img decoding=\"async\" class=\"emoji\" role=\"img\" draggable=\"false\" src=\"https:\/\/s.w.org\/images\/core\/emoji\/14.0.0\/svg\/267b.svg\" alt=\"\u267b\ufe0f\" \/><br \/><\/b><\/p><p><b>\u00a0<\/b><\/p><p><b>\u00a0<\/b><\/p><p><b>\u00a0<\/b><\/p><p><b>\u00a0<\/b><\/p>\t\t\t\t\t\t\t\t<\/div>\n\t\t\t\t<\/div>\n\t\t\t\t\t<\/div>\n\t\t<\/div>\n\t\t\t\t\t<\/div>\n\t\t<\/section>\n\t\t\t\t<section class=\"elementor-section elementor-top-section elementor-element elementor-element-7b90f9a elementor-section-boxed elementor-section-height-default elementor-section-height-default\" data-id=\"7b90f9a\" data-element_type=\"section\" data-e-type=\"section\">\n\t\t\t\t\t\t<div class=\"elementor-container elementor-column-gap-default\">\n\t\t\t\t\t<div class=\"elementor-column elementor-col-100 elementor-top-column elementor-element elementor-element-e4d4f0f\" data-id=\"e4d4f0f\" data-element_type=\"column\" data-e-type=\"column\">\n\t\t\t<div class=\"elementor-widget-wrap\">\n\t\t\t\t\t\t\t<\/div>\n\t\t<\/div>\n\t\t\t\t\t<\/div>\n\t\t<\/section>\n\t\t\t\t<\/div>\n\t\t","protected":false},"excerpt":{"rendered":"<p>Zusammen ein Zeichen gegen Umweltverschmutzungen setzen \u00a0 \u00a0\u00a0\u00a0 \u00a0\u00a0\u00a0 \u00a0\u00a0 Umweltverschmutzungen geh\u00f6ren zu den dr\u00e4ngendsten Themen dieser Zeit, deren Auswirkungen uns alle betreffen! Dieser Meinung ist der gemeinn\u00fctzige Tr\u00e4gerverein \u201eLet\u2019s Do It! Germany e.V.\u201c, der es nicht nur bei Worten belassen, sondern 2018 den World Cleanup Day in Deutschland ins Leben gerufen hat. Dabei handelt [&hellip;]<\/p>\n","protected":false},"author":1,"featured_media":0,"parent":0,"menu_order":0,"comment_status":"closed","ping_status":"closed","template":"elementor_canvas","meta":{"content-type":"","om_disable_all_campaigns":false,"footnotes":""},"class_list":["post-41218","page","type-page","status-publish","hentry"],"yoast_head":"<!-- This site is optimized with the Yoast SEO plugin v27.4 - https:\/\/yoast.com\/product\/yoast-seo-wordpress\/ -->\n<title>App_GER_World_Cleanup_Day - Relevo<\/title>\n<meta name=\"robots\" content=\"noindex, follow\" \/>\n<meta property=\"og:locale\" content=\"de_DE\" \/>\n<meta property=\"og:type\" content=\"article\" \/>\n<meta property=\"og:title\" content=\"App_GER_World_Cleanup_Day - Relevo\" \/>\n<meta property=\"og:description\" content=\"Zusammen ein Zeichen gegen Umweltverschmutzungen setzen \u00a0 \u00a0\u00a0\u00a0 \u00a0\u00a0\u00a0 \u00a0\u00a0 Umweltverschmutzungen geh\u00f6ren zu den dr\u00e4ngendsten Themen dieser Zeit, deren Auswirkungen uns alle betreffen! Dieser Meinung ist der gemeinn\u00fctzige Tr\u00e4gerverein \u201eLet\u2019s Do It! Germany e.V.\u201c, der es nicht nur bei Worten belassen, sondern 2018 den World Cleanup Day in Deutschland ins Leben gerufen hat. Dabei handelt [&hellip;]\" \/>\n<meta property=\"og:url\" content=\"https:\/\/relevo.app\/de\/app_ger_world_cleanup_day\/\" \/>\n<meta property=\"og:site_name\" content=\"Relevo\" \/>\n<meta property=\"article:modified_time\" content=\"2024-03-12T10:54:46+00:00\" \/>\n<meta property=\"og:image\" content=\"https:\/\/stage.relevo.app\/wp-content\/uploads\/2022\/09\/Cleanup_1.jpg\" \/>\n<meta name=\"twitter:card\" content=\"summary_large_image\" \/>\n<meta name=\"twitter:label1\" content=\"Gesch\u00e4tzte Lesezeit\" \/>\n\t<meta name=\"twitter:data1\" content=\"3\u00a0Minuten\" \/>\n<script type=\"application\/ld+json\" class=\"yoast-schema-graph\">{\"@context\":\"https:\\\/\\\/schema.org\",\"@graph\":[{\"@type\":\"WebPage\",\"@id\":\"https:\\\/\\\/relevo.app\\\/de\\\/app_ger_world_cleanup_day\\\/\",\"url\":\"https:\\\/\\\/relevo.app\\\/de\\\/app_ger_world_cleanup_day\\\/\",\"name\":\"App_GER_World_Cleanup_Day - Relevo\",\"isPartOf\":{\"@id\":\"https:\\\/\\\/relevo.app\\\/de\\\/#website\"},\"primaryImageOfPage\":{\"@id\":\"https:\\\/\\\/relevo.app\\\/de\\\/app_ger_world_cleanup_day\\\/#primaryimage\"},\"image\":{\"@id\":\"https:\\\/\\\/relevo.app\\\/de\\\/app_ger_world_cleanup_day\\\/#primaryimage\"},\"thumbnailUrl\":\"https:\\\/\\\/stage.relevo.app\\\/wp-content\\\/uploads\\\/2022\\\/09\\\/Cleanup_1.jpg\",\"datePublished\":\"2022-09-16T19:48:07+00:00\",\"dateModified\":\"2024-03-12T10:54:46+00:00\",\"breadcrumb\":{\"@id\":\"https:\\\/\\\/relevo.app\\\/de\\\/app_ger_world_cleanup_day\\\/#breadcrumb\"},\"inLanguage\":\"de\",\"potentialAction\":[{\"@type\":\"ReadAction\",\"target\":[\"https:\\\/\\\/relevo.app\\\/de\\\/app_ger_world_cleanup_day\\\/\"]}]},{\"@type\":\"ImageObject\",\"inLanguage\":\"de\",\"@id\":\"https:\\\/\\\/relevo.app\\\/de\\\/app_ger_world_cleanup_day\\\/#primaryimage\",\"url\":\"https:\\\/\\\/stage.relevo.app\\\/wp-content\\\/uploads\\\/2022\\\/09\\\/Cleanup_1.jpg\",\"contentUrl\":\"https:\\\/\\\/stage.relevo.app\\\/wp-content\\\/uploads\\\/2022\\\/09\\\/Cleanup_1.jpg\"},{\"@type\":\"BreadcrumbList\",\"@id\":\"https:\\\/\\\/relevo.app\\\/de\\\/app_ger_world_cleanup_day\\\/#breadcrumb\",\"itemListElement\":[{\"@type\":\"ListItem\",\"position\":1,\"name\":\"Home\",\"item\":\"https:\\\/\\\/relevo.app\\\/de\\\/\"},{\"@type\":\"ListItem\",\"position\":2,\"name\":\"App_GER_World_Cleanup_Day\"}]},{\"@type\":\"WebSite\",\"@id\":\"https:\\\/\\\/relevo.app\\\/de\\\/#website\",\"url\":\"https:\\\/\\\/relevo.app\\\/de\\\/\",\"name\":\"Relevo\",\"description\":\"\",\"potentialAction\":[{\"@type\":\"SearchAction\",\"target\":{\"@type\":\"EntryPoint\",\"urlTemplate\":\"https:\\\/\\\/relevo.app\\\/de\\\/?s={search_term_string}\"},\"query-input\":{\"@type\":\"PropertyValueSpecification\",\"valueRequired\":true,\"valueName\":\"search_term_string\"}}],\"inLanguage\":\"de\"}]}<\/script>\n<!-- \/ Yoast SEO plugin. -->","yoast_head_json":{"title":"App_GER_World_Cleanup_Day - Relevo","robots":{"index":"noindex","follow":"follow"},"og_locale":"de_DE","og_type":"article","og_title":"App_GER_World_Cleanup_Day - Relevo","og_description":"Zusammen ein Zeichen gegen Umweltverschmutzungen setzen \u00a0 \u00a0\u00a0\u00a0 \u00a0\u00a0\u00a0 \u00a0\u00a0 Umweltverschmutzungen geh\u00f6ren zu den dr\u00e4ngendsten Themen dieser Zeit, deren Auswirkungen uns alle betreffen! Dieser Meinung ist der gemeinn\u00fctzige Tr\u00e4gerverein \u201eLet\u2019s Do It! Germany e.V.\u201c, der es nicht nur bei Worten belassen, sondern 2018 den World Cleanup Day in Deutschland ins Leben gerufen hat. Dabei handelt [&hellip;]","og_url":"https:\/\/relevo.app\/de\/app_ger_world_cleanup_day\/","og_site_name":"Relevo","article_modified_time":"2024-03-12T10:54:46+00:00","og_image":[{"url":"https:\/\/stage.relevo.app\/wp-content\/uploads\/2022\/09\/Cleanup_1.jpg","type":"","width":"","height":""}],"twitter_card":"summary_large_image","twitter_misc":{"Gesch\u00e4tzte Lesezeit":"3\u00a0Minuten"},"schema":{"@context":"https:\/\/schema.org","@graph":[{"@type":"WebPage","@id":"https:\/\/relevo.app\/de\/app_ger_world_cleanup_day\/","url":"https:\/\/relevo.app\/de\/app_ger_world_cleanup_day\/","name":"App_GER_World_Cleanup_Day - Relevo","isPartOf":{"@id":"https:\/\/relevo.app\/de\/#website"},"primaryImageOfPage":{"@id":"https:\/\/relevo.app\/de\/app_ger_world_cleanup_day\/#primaryimage"},"image":{"@id":"https:\/\/relevo.app\/de\/app_ger_world_cleanup_day\/#primaryimage"},"thumbnailUrl":"https:\/\/stage.relevo.app\/wp-content\/uploads\/2022\/09\/Cleanup_1.jpg","datePublished":"2022-09-16T19:48:07+00:00","dateModified":"2024-03-12T10:54:46+00:00","breadcrumb":{"@id":"https:\/\/relevo.app\/de\/app_ger_world_cleanup_day\/#breadcrumb"},"inLanguage":"de","potentialAction":[{"@type":"ReadAction","target":["https:\/\/relevo.app\/de\/app_ger_world_cleanup_day\/"]}]},{"@type":"ImageObject","inLanguage":"de","@id":"https:\/\/relevo.app\/de\/app_ger_world_cleanup_day\/#primaryimage","url":"https:\/\/stage.relevo.app\/wp-content\/uploads\/2022\/09\/Cleanup_1.jpg","contentUrl":"https:\/\/stage.relevo.app\/wp-content\/uploads\/2022\/09\/Cleanup_1.jpg"},{"@type":"BreadcrumbList","@id":"https:\/\/relevo.app\/de\/app_ger_world_cleanup_day\/#breadcrumb","itemListElement":[{"@type":"ListItem","position":1,"name":"Home","item":"https:\/\/relevo.app\/de\/"},{"@type":"ListItem","position":2,"name":"App_GER_World_Cleanup_Day"}]},{"@type":"WebSite","@id":"https:\/\/relevo.app\/de\/#website","url":"https:\/\/relevo.app\/de\/","name":"Relevo","description":"","potentialAction":[{"@type":"SearchAction","target":{"@type":"EntryPoint","urlTemplate":"https:\/\/relevo.app\/de\/?s={search_term_string}"},"query-input":{"@type":"PropertyValueSpecification","valueRequired":true,"valueName":"search_term_string"}}],"inLanguage":"de"}]}},"_links":{"self":[{"href":"https:\/\/relevo.app\/de\/wp-json\/wp\/v2\/pages\/41218","targetHints":{"allow":["GET"]}}],"collection":[{"href":"https:\/\/relevo.app\/de\/wp-json\/wp\/v2\/pages"}],"about":[{"href":"https:\/\/relevo.app\/de\/wp-json\/wp\/v2\/types\/page"}],"author":[{"embeddable":true,"href":"https:\/\/relevo.app\/de\/wp-json\/wp\/v2\/users\/1"}],"replies":[{"embeddable":true,"href":"https:\/\/relevo.app\/de\/wp-json\/wp\/v2\/comments?post=41218"}],"version-history":[{"count":13,"href":"https:\/\/relevo.app\/de\/wp-json\/wp\/v2\/pages\/41218\/revisions"}],"predecessor-version":[{"id":41240,"href":"https:\/\/relevo.app\/de\/wp-json\/wp\/v2\/pages\/41218\/revisions\/41240"}],"wp:attachment":[{"href":"https:\/\/relevo.app\/de\/wp-json\/wp\/v2\/media?parent=41218"}],"curies":[{"name":"wp","href":"https:\/\/api.w.org\/{rel}","templated":true}]}}

<div data-elementor-type="wp-page" data-elementor-id="41218" class="elementor elementor-41218" data-elementor-post-type="page">
						<section class="elementor-section elementor-top-section elementor-element elementor-element-d3faaab elementor-section-boxed elementor-section-height-default elementor-section-height-default" data-id="d3faaab" data-element_type="section" data-e-type="section">
						<div class="elementor-container elementor-column-gap-default">
					<div class="elementor-column elementor-col-100 elementor-top-column elementor-element elementor-element-f87883f" data-id="f87883f" data-element_type="column" data-e-type="column">
			<div class="elementor-widget-wrap elementor-element-populated">
						<div class="elementor-element elementor-element-8d66f34 elementor-widget elementor-widget-image" data-id="8d66f34" data-element_type="widget" data-e-type="widget" data-widget_type="image.default">
				<div class="elementor-widget-container">
															<img decoding="async" src="https://relevo.app/wp-content/uploads/2022/09/Cleanup_1.jpg" title="" alt="" loading="lazy" />															</div>
				</div>
				<div class="elementor-element elementor-element-0265353 elementor-widget elementor-widget-text-editor" data-id="0265353" data-element_type="widget" data-e-type="widget" data-widget_type="text-editor.default">
				<div class="elementor-widget-container">
									<p><b>Zusammen ein Zeichen gegen Umweltverschmutzungen setzen</b> <img decoding="async" class="emoji" role="img" draggable="false" src="https://s.w.org/images/core/emoji/14.0.0/svg/1f30e.svg" alt="🌎" />             </p><p>Umweltverschmutzungen gehören zu den drängendsten Themen dieser Zeit, deren Auswirkungen uns alle betreffen! Dieser Meinung ist der gemeinnützige Trägerverein „Let’s Do It! Germany e.V.“, der es nicht nur bei Worten belassen, sondern 2018 den<a href="https://worldcleanupday.de/"> World Cleanup Day</a> in Deutschland ins Leben gerufen hat. Dabei handelt es sich um die weltweit größte Bottom-Up-Bürgerbewegung zur Beseitigung von Umweltverschmutzung und Plastikmüll. </p><p>Schon viermal haben sich Dank des World Cleanup Days weltweit mehrere Millionen Menschen am dritten September-Samstag zusammengetan und ein Zeichen für eine saubere, gesunde und plastikmüllfreie Umwelt gesetzt. So haben beispielsweise letztes Jahr 14 Millionen Personen in 191 Ländern im Rahmen des World Cleanup Days 53 Tausend Tonnen Müll gesammelt <img decoding="async" class="emoji" role="img" draggable="false" src="https://s.w.org/images/core/emoji/14.0.0/svg/1f6ae.svg" alt="🚮" /></p><p><b>Aufgepasst!</b> <img decoding="async" class="emoji" role="img" draggable="false" src="https://s.w.org/images/core/emoji/14.0.0/svg/1f4e3.svg" alt="📣" /> Dieses Jahr<b> </b>findet der World Cleanup Day am <b>17. September 2022</b> statt. Wenn auch du Lust hast, Teil der weltweit größten Müllsammelaktion zu sein, kannst du<a href="https://worldcleanupday.de/cleanup/"> <b>hier</b></a> nachsehen, welche Aktionen in deiner Nähe angeboten werden. </p><p>Auch wir von <b>Relevo </b>packen mit an – sowohl beim Aufräumen, aber vor allem auch präventiv an der Wurzel des Problems! Unser Ziel als Mehrwegsystemanbieter ist es, Einwegverpackungen überflüssig zu machen und damit einen Beitrag für eine umweltfreundlichere Zukunft zu leisten. Denn eins ist klar: Der beste Abfall ist der, der gar nicht erst entsteht!<b> <img decoding="async" class="emoji" role="img" draggable="false" src="https://s.w.org/images/core/emoji/14.0.0/svg/267b.svg" alt="♻️" /><br /></b></p><p><b> </b></p><p><b> </b></p><p><b> </b></p><p><b> </b></p>								</div>
				</div>
					</div>
		</div>
					</div>
		</section>
				<section class="elementor-section elementor-top-section elementor-element elementor-element-7b90f9a elementor-section-boxed elementor-section-height-default elementor-section-height-default" data-id="7b90f9a" data-element_type="section" data-e-type="section">
						<div class="elementor-container elementor-column-gap-default">
					<div class="elementor-column elementor-col-100 elementor-top-column elementor-element elementor-element-e4d4f0f" data-id="e4d4f0f" data-element_type="column" data-e-type="column">
			<div class="elementor-widget-wrap">
							</div>
		</div>
					</div>
		</section>
				</div>

<p>Zusammen ein Zeichen gegen Umweltverschmutzungen setzen              Umweltverschmutzungen gehören zu den drängendsten Themen dieser Zeit, deren Auswirkungen uns alle betreffen! Dieser Meinung ist der gemeinnützige Trägerverein „Let’s Do It! Germany e.V.“, der es nicht nur bei Worten belassen, sondern 2018 den World Cleanup Day in Deutschland ins Leben gerufen hat. Dabei handelt [&hellip;]</p>

<!-- This site is optimized with the Yoast SEO plugin v27.4 - https://yoast.com/product/yoast-seo-wordpress/ -->
<title>App_GER_World_Cleanup_Day - Relevo</title>
<meta name="robots" content="noindex, follow" />
<meta property="og:locale" content="de_DE" />
<meta property="og:type" content="article" />
<meta property="og:title" content="App_GER_World_Cleanup_Day - Relevo" />
<meta property="og:description" content="Zusammen ein Zeichen gegen Umweltverschmutzungen setzen              Umweltverschmutzungen gehören zu den drängendsten Themen dieser Zeit, deren Auswirkungen uns alle betreffen! Dieser Meinung ist der gemeinnützige Trägerverein „Let’s Do It! Germany e.V.“, der es nicht nur bei Worten belassen, sondern 2018 den World Cleanup Day in Deutschland ins Leben gerufen hat. Dabei handelt [&hellip;]" />
<meta property="og:url" content="https://relevo.app/de/app_ger_world_cleanup_day/" />
<meta property="og:site_name" content="Relevo" />
<meta property="article:modified_time" content="2024-03-12T10:54:46+00:00" />
<meta property="og:image" content="https://stage.relevo.app/wp-content/uploads/2022/09/Cleanup_1.jpg" />
<meta name="twitter:card" content="summary_large_image" />
<meta name="twitter:label1" content="Geschätzte Lesezeit" />
	<meta name="twitter:data1" content="3 Minuten" />
<script type="application/ld+json" class="yoast-schema-graph">{"@context":"https:\/\/schema.org","@graph":[{"@type":"WebPage","@id":"https:\/\/relevo.app\/de\/app_ger_world_cleanup_day\/","url":"https:\/\/relevo.app\/de\/app_ger_world_cleanup_day\/","name":"App_GER_World_Cleanup_Day - Relevo","isPartOf":{"@id":"https:\/\/relevo.app\/de\/#website"},"primaryImageOfPage":{"@id":"https:\/\/relevo.app\/de\/app_ger_world_cleanup_day\/#primaryimage"},"image":{"@id":"https:\/\/relevo.app\/de\/app_ger_world_cleanup_day\/#primaryimage"},"thumbnailUrl":"https:\/\/stage.relevo.app\/wp-content\/uploads\/2022\/09\/Cleanup_1.jpg","datePublished":"2022-09-16T19:48:07+00:00","dateModified":"2024-03-12T10:54:46+00:00","breadcrumb":{"@id":"https:\/\/relevo.app\/de\/app_ger_world_cleanup_day\/#breadcrumb"},"inLanguage":"de","potentialAction":[{"@type":"ReadAction","target":["https:\/\/relevo.app\/de\/app_ger_world_cleanup_day\/"]}]},{"@type":"ImageObject","inLanguage":"de","@id":"https:\/\/relevo.app\/de\/app_ger_world_cleanup_day\/#primaryimage","url":"https:\/\/stage.relevo.app\/wp-content\/uploads\/2022\/09\/Cleanup_1.jpg","contentUrl":"https:\/\/stage.relevo.app\/wp-content\/uploads\/2022\/09\/Cleanup_1.jpg"},{"@type":"BreadcrumbList","@id":"https:\/\/relevo.app\/de\/app_ger_world_cleanup_day\/#breadcrumb","itemListElement":[{"@type":"ListItem","position":1,"name":"Home","item":"https:\/\/relevo.app\/de\/"},{"@type":"ListItem","position":2,"name":"App_GER_World_Cleanup_Day"}]},{"@type":"WebSite","@id":"https:\/\/relevo.app\/de\/#website","url":"https:\/\/relevo.app\/de\/","name":"Relevo","description":"","potentialAction":[{"@type":"SearchAction","target":{"@type":"EntryPoint","urlTemplate":"https:\/\/relevo.app\/de\/?s={search_term_string}"},"query-input":{"@type":"PropertyValueSpecification","valueRequired":true,"valueName":"search_term_string"}}],"inLanguage":"de"}]}</script>
<!-- / Yoast SEO plugin. -->

Zusammen ein Zeichen gegen Umweltverschmutzungen setzen              Umweltverschmutzungen gehören zu den drängendsten Themen dieser Zeit, deren Auswirkungen uns alle betreffen! Dieser Meinung ist der gemeinnützige Trägerverein „Let’s Do It! Germany e.V.“, der es nicht nur bei Worten belassen, sondern 2018 den World Cleanup Day in Deutschland ins Leben gerufen hat. Dabei handelt [&hellip;]
